Last updated on 2022-08-15 08:49:53 CEST.
Flavor | Version | Tinstall | Tcheck | Ttotal | Status | Flags |
---|---|---|---|---|---|---|
r-devel-linux-x86_64-debian-clang | 1.1.0 | 9.65 | 55.95 | 65.60 | NOTE | |
r-devel-linux-x86_64-debian-gcc | 1.1.0 | 7.24 | 42.54 | 49.78 | NOTE | |
r-devel-linux-x86_64-fedora-clang | 1.1.0 | 90.88 | NOTE | |||
r-devel-linux-x86_64-fedora-gcc | 1.1.0 | 86.38 | NOTE | |||
r-devel-windows-x86_64 | 1.1.0 | 39.00 | 100.00 | 139.00 | NOTE | |
r-patched-linux-x86_64 | 1.1.0 | 8.55 | 53.60 | 62.15 | OK | |
r-release-linux-x86_64 | 1.1.0 | 8.02 | 53.17 | 61.19 | OK | |
r-release-macos-arm64 | 1.1.0 | 28.00 | OK | |||
r-release-macos-x86_64 | 1.1.0 | 39.00 | OK | |||
r-release-windows-x86_64 | 1.1.0 | 39.00 | 87.00 | 126.00 | OK | |
r-oldrel-macos-arm64 | 1.1.0 | 29.00 | OK | |||
r-oldrel-macos-x86_64 | 1.1.0 | 37.00 | OK | |||
r-oldrel-windows-ix86+x86_64 | 1.1.0 | 29.00 | 100.00 | 129.00 | OK |
Version: 1.1.0
Check: package subdirectories
Result: NOTE
Problems with news in 'NEWS.md':
Cannot extract version info from the following section titles:
clinfun (development version)
Flavors: r-devel-linux-x86_64-debian-clang, r-devel-linux-x86_64-debian-gcc, r-devel-linux-x86_64-fedora-clang, r-devel-linux-x86_64-fedora-gcc, r-devel-windows-x86_64
Version: 1.1.0
Check: Rd files
Result: NOTE
checkRd: (-1) coxphCPE.Rd:2: Escaped LaTeX specials: \&
Flavors: r-devel-linux-x86_64-debian-clang, r-devel-linux-x86_64-debian-gcc, r-devel-linux-x86_64-fedora-clang, r-devel-linux-x86_64-fedora-gcc, r-devel-windows-x86_64