Last updated on 2022-08-15 08:49:53 CEST.
Flavor | Version | Tinstall | Tcheck | Ttotal | Status | Flags |
---|---|---|---|---|---|---|
r-devel-linux-x86_64-debian-clang | 1.0.2 | 3.03 | 33.01 | 36.04 | NOTE | |
r-devel-linux-x86_64-debian-gcc | 1.0.2 | 2.46 | 24.63 | 27.09 | NOTE | |
r-devel-linux-x86_64-fedora-clang | 1.0.2 | 54.92 | NOTE | |||
r-devel-linux-x86_64-fedora-gcc | 1.0.2 | 51.94 | NOTE | |||
r-devel-windows-x86_64 | 1.0.2 | 10.00 | 57.00 | 67.00 | NOTE | |
r-patched-linux-x86_64 | 1.0.2 | 2.29 | 30.16 | 32.45 | NOTE | |
r-release-linux-x86_64 | 1.0.2 | 2.94 | 30.55 | 33.49 | NOTE | |
r-release-macos-arm64 | 1.0.2 | 18.00 | NOTE | |||
r-release-macos-x86_64 | 1.0.2 | 24.00 | NOTE | |||
r-release-windows-x86_64 | 1.0.2 | 16.00 | 55.00 | 71.00 | NOTE | |
r-oldrel-macos-arm64 | 1.0.2 | 25.00 | NOTE | |||
r-oldrel-macos-x86_64 | 1.0.2 | 33.00 | NOTE | |||
r-oldrel-windows-ix86+x86_64 | 1.0.2 | 7.00 | 56.00 | 63.00 | NOTE |
Version: 1.0.2
Check: LazyData
Result: NOTE
'LazyData' is specified without a 'data' directory
Flavors: r-devel-linux-x86_64-debian-clang, r-devel-linux-x86_64-debian-gcc, r-devel-linux-x86_64-fedora-clang, r-devel-linux-x86_64-fedora-gcc, r-devel-windows-x86_64, r-patched-linux-x86_64, r-release-linux-x86_64, r-release-macos-arm64, r-release-macos-x86_64, r-release-windows-x86_64, r-oldrel-macos-arm64, r-oldrel-macos-x86_64, r-oldrel-windows-ix86+x86_64