Last updated on 2022-08-15 08:49:53 CEST.
Flavor | Version | Tinstall | Tcheck | Ttotal | Status | Flags |
---|---|---|---|---|---|---|
r-devel-linux-x86_64-debian-clang | 0.6.1 | 355.14 | 149.80 | 504.94 | OK | |
r-devel-linux-x86_64-debian-gcc | 0.6.1 | 260.89 | 117.40 | 378.29 | OK | |
r-devel-linux-x86_64-fedora-clang | 0.6.1 | 625.54 | NOTE | |||
r-devel-linux-x86_64-fedora-gcc | 0.6.1 | 606.76 | OK | |||
r-devel-windows-x86_64 | 0.6.1 | 306.00 | 235.00 | 541.00 | NOTE | |
r-patched-linux-x86_64 | 0.6.1 | 257.26 | 140.36 | 397.62 | OK | |
r-release-linux-x86_64 | 0.6.1 | 257.28 | 141.64 | 398.92 | OK | |
r-release-macos-arm64 | 0.6.1 | 179.00 | NOTE | |||
r-release-macos-x86_64 | 0.6.1 | 190.00 | NOTE | |||
r-release-windows-x86_64 | 0.6.1 | 361.00 | 246.00 | 607.00 | NOTE | |
r-oldrel-macos-arm64 | 0.6.1 | 174.00 | NOTE | |||
r-oldrel-macos-x86_64 | 0.6.1 | 185.00 | NOTE | |||
r-oldrel-windows-ix86+x86_64 | 0.6.1 | 579.00 | 300.00 | 879.00 | NOTE |
Version: 0.6.1
Check: installed package size
Result: NOTE
installed size is 7.9Mb
sub-directories of 1Mb or more:
libs 6.2Mb
Flavors: r-devel-linux-x86_64-fedora-clang, r-devel-windows-x86_64, r-release-macos-arm64, r-release-macos-x86_64, r-release-windows-x86_64, r-oldrel-macos-arm64, r-oldrel-macos-x86_64, r-oldrel-windows-ix86+x86_64