Last updated on 2022-08-15 08:49:53 CEST.
Flavor | Version | Tinstall | Tcheck | Ttotal | Status | Flags |
---|---|---|---|---|---|---|
r-devel-linux-x86_64-debian-clang | 1.1 | 15.14 | 46.38 | 61.52 | OK | |
r-devel-linux-x86_64-debian-gcc | 1.1 | 14.38 | 33.24 | 47.62 | OK | |
r-devel-linux-x86_64-fedora-clang | 1.1 | 92.83 | NOTE | |||
r-devel-linux-x86_64-fedora-gcc | 1.1 | 85.49 | NOTE | |||
r-devel-windows-x86_64 | 1.1 | 28.00 | 92.00 | 120.00 | OK | |
r-patched-linux-x86_64 | 1.1 | 15.37 | 43.59 | 58.96 | OK | |
r-release-linux-x86_64 | 1.1 | 13.60 | 43.41 | 57.01 | OK | |
r-release-macos-arm64 | 1.1 | 27.00 | OK | |||
r-release-macos-x86_64 | 1.1 | 35.00 | OK | |||
r-release-windows-x86_64 | 1.1 | 26.00 | 93.00 | 119.00 | OK | |
r-oldrel-macos-arm64 | 1.1 | 34.00 | OK | |||
r-oldrel-macos-x86_64 | 1.1 | 50.00 | OK | |||
r-oldrel-windows-ix86+x86_64 | 1.1 | 45.00 | 138.00 | 183.00 | OK |
Version: 1.1
Check: compiled code
Result: NOTE
File ‘clogitboost/libs/clogitboost.so’:
Found no calls to: ‘R_registerRoutines’, ‘R_useDynamicSymbols’
It is good practice to register native routines and to disable symbol
search.
See ‘Writing portable packages’ in the ‘Writing R Extensions’ manual.
Flavors: r-devel-linux-x86_64-fedora-clang, r-devel-linux-x86_64-fedora-gcc