Last updated on 2022-08-15 08:49:53 CEST.
Flavor | Version | Tinstall | Tcheck | Ttotal | Status | Flags |
---|---|---|---|---|---|---|
r-devel-linux-x86_64-debian-clang | 0.6.1 | 4.48 | 42.42 | 46.90 | NOTE | |
r-devel-linux-x86_64-debian-gcc | 0.6.1 | 3.52 | 32.97 | 36.49 | NOTE | |
r-devel-linux-x86_64-fedora-clang | 0.6.1 | 67.73 | NOTE | |||
r-devel-linux-x86_64-fedora-gcc | 0.6.1 | 64.40 | NOTE | |||
r-devel-windows-x86_64 | 0.6.1 | 43.00 | 89.00 | 132.00 | NOTE | |
r-patched-linux-x86_64 | 0.6.1 | 6.04 | 41.18 | 47.22 | NOTE | |
r-release-linux-x86_64 | 0.6.1 | 4.08 | 41.19 | 45.27 | NOTE | |
r-release-macos-arm64 | 0.6.1 | 26.00 | NOTE | |||
r-release-macos-x86_64 | 0.6.1 | 35.00 | NOTE | |||
r-release-windows-x86_64 | 0.6.1 | 31.00 | 82.00 | 113.00 | NOTE | |
r-oldrel-macos-arm64 | 0.6.1 | 25.00 | NOTE | |||
r-oldrel-macos-x86_64 | 0.6.1 | 42.00 | NOTE | |||
r-oldrel-windows-ix86+x86_64 | 0.6.1 | 10.00 | 61.00 | 71.00 | NOTE |
Version: 0.6.1
Check: LazyData
Result: NOTE
'LazyData' is specified without a 'data' directory
Flavors: r-devel-linux-x86_64-debian-clang, r-devel-linux-x86_64-debian-gcc, r-devel-linux-x86_64-fedora-clang, r-devel-linux-x86_64-fedora-gcc, r-devel-windows-x86_64, r-patched-linux-x86_64, r-release-linux-x86_64, r-release-macos-arm64, r-release-macos-x86_64, r-release-windows-x86_64, r-oldrel-macos-arm64, r-oldrel-macos-x86_64, r-oldrel-windows-ix86+x86_64