Last updated on 2022-08-15 08:49:53 CEST.
Flavor | Version | Tinstall | Tcheck | Ttotal | Status | Flags |
---|---|---|---|---|---|---|
r-devel-linux-x86_64-debian-clang | 0.1-0 | 25.38 | 205.82 | 231.20 | OK | |
r-devel-linux-x86_64-debian-gcc | 0.1-0 | 22.09 | 149.86 | 171.95 | OK | |
r-devel-linux-x86_64-fedora-clang | 0.1-0 | 284.34 | NOTE | |||
r-devel-linux-x86_64-fedora-gcc | 0.1-0 | 305.57 | NOTE | |||
r-devel-windows-x86_64 | 0.1-0 | 35.00 | 198.00 | 233.00 | OK | |
r-patched-linux-x86_64 | 0.1-0 | 24.63 | 220.72 | 245.35 | OK | |
r-release-linux-x86_64 | 0.1-0 | 22.28 | 220.43 | 242.71 | OK | |
r-release-macos-arm64 | 0.1-0 | 6.00 | ERROR | |||
r-release-macos-x86_64 | 0.1-0 | 6.00 | ERROR | |||
r-release-windows-x86_64 | 0.1-0 | 36.00 | 198.00 | 234.00 | OK | |
r-oldrel-macos-arm64 | 0.1-0 | 10.00 | ERROR | |||
r-oldrel-macos-x86_64 | 0.1-0 | 10.00 | ERROR | |||
r-oldrel-windows-ix86+x86_64 | 0.1-0 | 59.00 | 202.00 | 261.00 | OK |
Version: 0.1-0
Check: dependencies in R code
Result: NOTE
Namespace in Imports field not imported from: ‘DT’
All declared Imports should be used.
Flavors: r-devel-linux-x86_64-fedora-clang, r-devel-linux-x86_64-fedora-gcc
Version: 0.1-0
Check: package dependencies
Result: ERROR
Package required but not available: ‘IsoGene’
See section ‘The DESCRIPTION file’ in the ‘Writing R Extensions’
manual.
Flavors: r-release-macos-arm64, r-release-macos-x86_64, r-oldrel-macos-arm64, r-oldrel-macos-x86_64