Last updated on 2022-08-15 08:49:53 CEST.
Flavor | Version | Tinstall | Tcheck | Ttotal | Status | Flags |
---|---|---|---|---|---|---|
r-devel-linux-x86_64-debian-clang | 1.3.7 | 4.86 | 42.28 | 47.14 | NOTE | |
r-devel-linux-x86_64-debian-gcc | 1.3.7 | 4.60 | 31.16 | 35.76 | NOTE | |
r-devel-linux-x86_64-fedora-clang | 1.3.7 | 67.42 | NOTE | |||
r-devel-linux-x86_64-fedora-gcc | 1.3.7 | 64.02 | NOTE | |||
r-devel-windows-x86_64 | 1.3.7 | 128.00 | 61.00 | 189.00 | NOTE | |
r-patched-linux-x86_64 | 1.3.7 | 5.70 | 38.88 | 44.58 | OK | |
r-release-linux-x86_64 | 1.3.7 | 4.67 | 38.84 | 43.51 | OK | |
r-release-macos-arm64 | 1.3.7 | 20.00 | OK | |||
r-release-macos-x86_64 | 1.3.7 | 27.00 | OK | |||
r-release-windows-x86_64 | 1.3.7 | 107.00 | 59.00 | 166.00 | OK | |
r-oldrel-macos-arm64 | 1.3.7 | 24.00 | OK | |||
r-oldrel-macos-x86_64 | 1.3.7 | 40.00 | OK | |||
r-oldrel-windows-ix86+x86_64 | 1.3.7 | 10.00 | 56.00 | 66.00 | OK |
Version: 1.3.7
Check: Rd files
Result: NOTE
checkRd: (-1) genRandomClust.Rd:228: Escaped LaTeX specials: \_
checkRd: (-1) genRandomClust.Rd:259: Escaped LaTeX specials: \_
checkRd: (-1) genRandomClust.Rd:327: Escaped LaTeX specials: \_
checkRd: (-1) plot1DProjection.Rd:95: Escaped LaTeX specials: \_ \_
checkRd: (-1) plot2DProjection.Rd:117: Escaped LaTeX specials: \_ \_
checkRd: (-1) simClustDesign.Rd:235: Escaped LaTeX specials: \_
checkRd: (-1) simClustDesign.Rd:268: Escaped LaTeX specials: \_
checkRd: (-1) simClustDesign.Rd:331: Escaped LaTeX specials: \_
Flavors: r-devel-linux-x86_64-debian-clang, r-devel-linux-x86_64-debian-gcc, r-devel-linux-x86_64-fedora-clang, r-devel-linux-x86_64-fedora-gcc, r-devel-windows-x86_64