Last updated on 2022-08-15 08:49:53 CEST.
Flavor | Version | Tinstall | Tcheck | Ttotal | Status | Flags |
---|---|---|---|---|---|---|
r-devel-linux-x86_64-debian-clang | 0.7.0 | 21.14 | 97.41 | 118.55 | NOTE | |
r-devel-linux-x86_64-debian-gcc | 0.7.0 | 15.00 | 72.99 | 87.99 | NOTE | |
r-devel-linux-x86_64-fedora-clang | 0.7.0 | 156.00 | NOTE | |||
r-devel-linux-x86_64-fedora-gcc | 0.7.0 | 151.78 | NOTE | |||
r-devel-windows-x86_64 | 0.7.0 | 66.00 | 123.00 | 189.00 | OK | |
r-patched-linux-x86_64 | 0.7.0 | 11.98 | 91.62 | 103.60 | NOTE | |
r-release-linux-x86_64 | 0.7.0 | 15.43 | 89.32 | 104.75 | NOTE | |
r-release-macos-arm64 | 0.7.0 | 38.00 | OK | |||
r-release-macos-x86_64 | 0.7.0 | 65.00 | OK | |||
r-release-windows-x86_64 | 0.7.0 | 118.00 | 125.00 | 243.00 | OK | |
r-oldrel-macos-arm64 | 0.7.0 | 45.00 | OK | |||
r-oldrel-macos-x86_64 | 0.7.0 | 98.00 | OK | |||
r-oldrel-windows-ix86+x86_64 | 0.7.0 | 36.00 | 134.00 | 170.00 | OK |
Version: 0.7.0
Check: package dependencies
Result: NOTE
Package suggested but not available for checking: 'CRTSize'
Flavors: r-devel-linux-x86_64-debian-clang, r-devel-linux-x86_64-debian-gcc, r-devel-linux-x86_64-fedora-clang, r-devel-linux-x86_64-fedora-gcc, r-patched-linux-x86_64, r-release-linux-x86_64