Last updated on 2022-08-15 08:49:53 CEST.
Flavor | Version | Tinstall | Tcheck | Ttotal | Status | Flags |
---|---|---|---|---|---|---|
r-devel-linux-x86_64-debian-clang | 1.1.0 | 70.01 | 547.49 | 617.50 | NOTE | |
r-devel-linux-x86_64-debian-gcc | 1.1.0 | 58.64 | 414.05 | 472.69 | NOTE | |
r-devel-linux-x86_64-fedora-clang | 1.1.0 | 762.99 | NOTE | |||
r-devel-linux-x86_64-fedora-gcc | 1.1.0 | 795.61 | NOTE | |||
r-devel-windows-x86_64 | 1.1.0 | 68.00 | 543.00 | 611.00 | NOTE | |
r-patched-linux-x86_64 | 1.1.0 | 50.60 | 527.99 | 578.59 | NOTE | |
r-release-linux-x86_64 | 1.1.0 | 48.48 | 531.91 | 580.39 | NOTE | |
r-release-macos-arm64 | 1.1.0 | 215.00 | NOTE | |||
r-release-macos-x86_64 | 1.1.0 | 426.00 | NOTE | |||
r-release-windows-x86_64 | 1.1.0 | 63.00 | 536.00 | 599.00 | NOTE | |
r-oldrel-macos-arm64 | 1.1.0 | 384.00 | NOTE | |||
r-oldrel-macos-x86_64 | 1.1.0 | 538.00 | NOTE | |||
r-oldrel-windows-ix86+x86_64 | 1.1.0 | 128.00 | 545.00 | 673.00 | NOTE |
Version: 1.1.0
Check: LazyData
Result: NOTE
'LazyData' is specified without a 'data' directory
Flavors: r-devel-linux-x86_64-debian-clang, r-devel-linux-x86_64-debian-gcc, r-devel-linux-x86_64-fedora-clang, r-devel-linux-x86_64-fedora-gcc, r-devel-windows-x86_64, r-patched-linux-x86_64, r-release-linux-x86_64, r-release-macos-arm64, r-release-macos-x86_64, r-release-windows-x86_64, r-oldrel-macos-arm64, r-oldrel-macos-x86_64, r-oldrel-windows-ix86+x86_64