Last updated on 2022-08-15 08:49:53 CEST.
Flavor | Version | Tinstall | Tcheck | Ttotal | Status | Flags |
---|---|---|---|---|---|---|
r-devel-linux-x86_64-debian-clang | 0.1.2 | 2.35 | 25.30 | 27.65 | NOTE | |
r-devel-linux-x86_64-debian-gcc | 0.1.2 | 1.76 | 20.18 | 21.94 | NOTE | |
r-devel-linux-x86_64-fedora-clang | 0.1.2 | 45.55 | NOTE | |||
r-devel-linux-x86_64-fedora-gcc | 0.1.2 | 43.15 | NOTE | |||
r-devel-windows-x86_64 | 0.1.2 | 10.00 | 127.00 | 137.00 | NOTE | |
r-patched-linux-x86_64 | 0.1.2 | 2.50 | 25.04 | 27.54 | NOTE | |
r-release-linux-x86_64 | 0.1.2 | 2.25 | 24.67 | 26.92 | NOTE | |
r-release-macos-arm64 | 0.1.2 | 17.00 | NOTE | |||
r-release-macos-x86_64 | 0.1.2 | 25.00 | NOTE | |||
r-release-windows-x86_64 | 0.1.2 | 9.00 | 310.00 | 319.00 | NOTE | |
r-oldrel-macos-arm64 | 0.1.2 | 25.00 | NOTE | |||
r-oldrel-macos-x86_64 | 0.1.2 | 328.00 | NOTE | |||
r-oldrel-windows-ix86+x86_64 | 0.1.2 | 6.00 | 46.00 | 52.00 | NOTE |
Version: 0.1.2
Check: LazyData
Result: NOTE
'LazyData' is specified without a 'data' directory
Flavors: r-devel-linux-x86_64-debian-clang, r-devel-linux-x86_64-debian-gcc, r-devel-linux-x86_64-fedora-clang, r-devel-linux-x86_64-fedora-gcc, r-devel-windows-x86_64, r-patched-linux-x86_64, r-release-linux-x86_64, r-release-macos-arm64, r-release-macos-x86_64, r-release-windows-x86_64, r-oldrel-macos-arm64, r-oldrel-macos-x86_64, r-oldrel-windows-ix86+x86_64