Last updated on 2022-08-15 08:49:53 CEST.
Flavor | Version | Tinstall | Tcheck | Ttotal | Status | Flags |
---|---|---|---|---|---|---|
r-devel-linux-x86_64-debian-clang | 0.7.0 | 165.55 | 126.88 | 292.43 | OK | |
r-devel-linux-x86_64-debian-gcc | 0.7.0 | 143.19 | 97.40 | 240.59 | OK | |
r-devel-linux-x86_64-fedora-clang | 0.7.0 | 421.28 | OK | |||
r-devel-linux-x86_64-fedora-gcc | 0.7.0 | 402.63 | OK | |||
r-devel-windows-x86_64 | 0.7.0 | 169.00 | 182.00 | 351.00 | OK | |
r-patched-linux-x86_64 | 0.7.0 | 165.77 | 123.51 | 289.28 | OK | |
r-release-linux-x86_64 | 0.7.0 | 156.88 | 123.78 | 280.66 | OK | |
r-release-macos-arm64 | 0.7.0 | 107.00 | NOTE | |||
r-release-macos-x86_64 | 0.7.0 | 139.00 | NOTE | |||
r-release-windows-x86_64 | 0.7.0 | 175.00 | 194.00 | 369.00 | OK | |
r-oldrel-macos-arm64 | 0.7.0 | 98.00 | NOTE | |||
r-oldrel-macos-x86_64 | 0.7.0 | 139.00 | NOTE | |||
r-oldrel-windows-ix86+x86_64 | 0.7.0 | 393.00 | 214.00 | 607.00 | OK |
Version: 0.7.0
Check: installed package size
Result: NOTE
installed size is 6.5Mb
sub-directories of 1Mb or more:
R 2.0Mb
libs 3.9Mb
Flavors: r-release-macos-arm64, r-release-macos-x86_64, r-oldrel-macos-arm64, r-oldrel-macos-x86_64