Last updated on 2022-08-15 08:49:53 CEST.
Flavor | Version | Tinstall | Tcheck | Ttotal | Status | Flags |
---|---|---|---|---|---|---|
r-devel-linux-x86_64-debian-clang | 1.3-5 | 11.85 | 160.92 | 172.77 | NOTE | |
r-devel-linux-x86_64-debian-gcc | 1.3-5 | 10.83 | 119.99 | 130.82 | NOTE | |
r-devel-linux-x86_64-fedora-clang | 1.3-5 | 218.24 | NOTE | |||
r-devel-linux-x86_64-fedora-gcc | 1.3-5 | 213.15 | NOTE | |||
r-devel-windows-x86_64 | 1.3-5 | 23.00 | 189.00 | 212.00 | NOTE | |
r-patched-linux-x86_64 | 1.3-5 | 13.75 | 150.92 | 164.67 | OK | |
r-release-linux-x86_64 | 1.3-5 | 12.39 | 150.51 | 162.90 | OK | |
r-release-macos-arm64 | 1.3-5 | 59.00 | OK | |||
r-release-macos-x86_64 | 1.3-5 | 88.00 | OK | |||
r-release-windows-x86_64 | 1.3-5 | 21.00 | 188.00 | 209.00 | OK | |
r-oldrel-macos-arm64 | 1.3-5 | 53.00 | OK | |||
r-oldrel-macos-x86_64 | 1.3-5 | 82.00 | OK | |||
r-oldrel-windows-ix86+x86_64 | 1.3-5 | 32.00 | 285.00 | 317.00 | OK |
Version: 1.3-5
Check: Rd files
Result: NOTE
checkRd: (-1) drqssbc.Rd:83: Escaped LaTeX specials: \&
checkRd: (-1) qbsks.Rd:81: Escaped LaTeX specials: \&
Flavors: r-devel-linux-x86_64-debian-clang, r-devel-linux-x86_64-debian-gcc, r-devel-linux-x86_64-fedora-clang, r-devel-linux-x86_64-fedora-gcc, r-devel-windows-x86_64