Last updated on 2022-08-15 08:49:53 CEST.
Flavor | Version | Tinstall | Tcheck | Ttotal | Status | Flags |
---|---|---|---|---|---|---|
r-devel-linux-x86_64-debian-clang | 1.1.0 | 3.79 | 118.31 | 122.10 | NOTE | |
r-devel-linux-x86_64-debian-gcc | 1.1.0 | 2.68 | 84.47 | 87.15 | NOTE | |
r-devel-linux-x86_64-fedora-clang | 1.1.0 | 148.48 | NOTE | |||
r-devel-linux-x86_64-fedora-gcc | 1.1.0 | 166.57 | NOTE | |||
r-devel-windows-x86_64 | 1.1.0 | 25.00 | 138.00 | 163.00 | NOTE | |
r-patched-linux-x86_64 | 1.1.0 | 2.56 | 102.56 | 105.12 | NOTE | |
r-release-linux-x86_64 | 1.1.0 | 2.15 | 105.06 | 107.21 | NOTE | |
r-release-macos-arm64 | 1.1.0 | 60.00 | NOTE | |||
r-release-macos-x86_64 | 1.1.0 | 83.00 | NOTE | |||
r-release-windows-x86_64 | 1.1.0 | 22.00 | 136.00 | 158.00 | NOTE | |
r-oldrel-macos-arm64 | 1.1.0 | 61.00 | NOTE | |||
r-oldrel-macos-x86_64 | 1.1.0 | 69.00 | NOTE | |||
r-oldrel-windows-ix86+x86_64 | 1.1.0 | 9.00 | 135.00 | 144.00 | NOTE |
Version: 1.1.0
Check: LazyData
Result: NOTE
'LazyData' is specified without a 'data' directory
Flavors: r-devel-linux-x86_64-debian-clang, r-devel-linux-x86_64-debian-gcc, r-devel-linux-x86_64-fedora-clang, r-devel-linux-x86_64-fedora-gcc, r-devel-windows-x86_64, r-patched-linux-x86_64, r-release-linux-x86_64, r-release-macos-arm64, r-release-macos-x86_64, r-release-windows-x86_64, r-oldrel-macos-arm64, r-oldrel-macos-x86_64, r-oldrel-windows-ix86+x86_64
Version: 1.1.0
Check: dependencies in R code
Result: NOTE
Namespaces in Imports field not imported from:
‘Matrix’ ‘nnet’
All declared Imports should be used.
Flavors: r-devel-linux-x86_64-fedora-clang, r-devel-linux-x86_64-fedora-gcc, r-release-macos-arm64, r-release-macos-x86_64, r-oldrel-macos-arm64, r-oldrel-macos-x86_64