Last updated on 2022-08-15 08:49:53 CEST.
Flavor | Version | Tinstall | Tcheck | Ttotal | Status | Flags |
---|---|---|---|---|---|---|
r-devel-linux-x86_64-debian-clang | 0.4-3 | 11.03 | 103.69 | 114.72 | OK | |
r-devel-linux-x86_64-debian-gcc | 0.4-3 | 8.71 | 79.79 | 88.50 | OK | |
r-devel-linux-x86_64-fedora-clang | 0.4-3 | 150.83 | NOTE | |||
r-devel-linux-x86_64-fedora-gcc | 0.4-3 | 145.67 | OK | |||
r-devel-windows-x86_64 | 0.4-3 | 46.00 | 132.00 | 178.00 | OK | |
r-patched-linux-x86_64 | 0.4-3 | 12.63 | 97.53 | 110.16 | OK | |
r-release-linux-x86_64 | 0.4-3 | 9.72 | 100.61 | 110.33 | OK | |
r-release-macos-arm64 | 0.4-3 | 44.00 | OK | |||
r-release-macos-x86_64 | 0.4-3 | 61.00 | OK | |||
r-release-windows-x86_64 | 0.4-3 | 43.00 | 139.00 | 182.00 | OK | |
r-oldrel-macos-arm64 | 0.4-3 | 50.00 | OK | |||
r-oldrel-macos-x86_64 | 0.4-3 | 84.00 | OK | |||
r-oldrel-windows-ix86+x86_64 | 0.4-3 | 21.00 | 126.00 | 147.00 | OK |
Version: 0.4-3
Check: Rd cross-references
Result: NOTE
Undeclared package ‘pls’ in Rd xrefs
Flavor: r-devel-linux-x86_64-fedora-clang