Last updated on 2022-08-15 08:49:53 CEST.
Flavor | Version | Tinstall | Tcheck | Ttotal | Status | Flags |
---|---|---|---|---|---|---|
r-devel-linux-x86_64-debian-clang | 0.5.2 | 54.15 | 57.08 | 111.23 | OK | |
r-devel-linux-x86_64-debian-gcc | 0.5.2 | 50.92 | 43.52 | 94.44 | OK | |
r-devel-linux-x86_64-fedora-clang | 0.5.2 | 171.97 | NOTE | |||
r-devel-linux-x86_64-fedora-gcc | 0.5.2 | 162.17 | NOTE | |||
r-devel-windows-x86_64 | 0.5.2 | 76.00 | 109.00 | 185.00 | OK | |
r-patched-linux-x86_64 | 0.5.2 | 51.84 | 55.14 | 106.98 | OK | |
r-release-linux-x86_64 | 0.5.2 | 53.03 | 54.23 | 107.26 | OK | |
r-release-macos-arm64 | 0.5.2 | 47.00 | NOTE | |||
r-release-macos-x86_64 | 0.5.2 | 61.00 | NOTE | |||
r-release-windows-x86_64 | 0.5.2 | 78.00 | 111.00 | 189.00 | OK | |
r-oldrel-macos-arm64 | 0.5.2 | 46.00 | NOTE | |||
r-oldrel-macos-x86_64 | 0.5.2 | 64.00 | NOTE | |||
r-oldrel-windows-ix86+x86_64 | 0.5.2 | 143.00 | 117.00 | 260.00 | OK |
Version: 0.5.2
Check: data for non-ASCII characters
Result: NOTE
Note: found 19 marked UTF-8 strings
Flavors: r-devel-linux-x86_64-fedora-clang, r-devel-linux-x86_64-fedora-gcc, r-release-macos-arm64, r-release-macos-x86_64, r-oldrel-macos-arm64, r-oldrel-macos-x86_64
Version: 0.5.2
Check: installed package size
Result: NOTE
installed size is 5.0Mb
sub-directories of 1Mb or more:
libs 4.7Mb
Flavors: r-release-macos-x86_64, r-oldrel-macos-x86_64