Last updated on 2022-08-15 08:49:53 CEST.
Flavor | Version | Tinstall | Tcheck | Ttotal | Status | Flags |
---|---|---|---|---|---|---|
r-devel-linux-x86_64-debian-clang | 0.9.3 | 9.09 | 109.12 | 118.21 | NOTE | |
r-devel-linux-x86_64-debian-gcc | 0.9.3 | 7.50 | 80.62 | 88.12 | NOTE | |
r-devel-linux-x86_64-fedora-clang | 0.9.3 | 151.30 | NOTE | |||
r-devel-linux-x86_64-fedora-gcc | 0.9.3 | 144.47 | NOTE | |||
r-devel-windows-x86_64 | 0.9.3 | 189.00 | 132.00 | 321.00 | NOTE | |
r-patched-linux-x86_64 | 0.9.3 | 7.88 | 100.07 | 107.95 | OK | |
r-release-linux-x86_64 | 0.9.3 | 9.96 | 101.93 | 111.89 | OK | |
r-release-macos-arm64 | 0.9.3 | 44.00 | OK | |||
r-release-macos-x86_64 | 0.9.3 | 87.00 | OK | |||
r-release-windows-x86_64 | 0.9.3 | 78.00 | 137.00 | 215.00 | OK | |
r-oldrel-macos-arm64 | 0.9.3 | 36.00 | OK | |||
r-oldrel-macos-x86_64 | 0.9.3 | 54.00 | OK | |||
r-oldrel-windows-ix86+x86_64 | 0.9.3 | 21.00 | 132.00 | 153.00 | OK |
Version: 0.9.3
Check: package subdirectories
Result: NOTE
Problems with news in 'NEWS.md':
No news entries found.
Flavors: r-devel-linux-x86_64-debian-clang, r-devel-linux-x86_64-debian-gcc, r-devel-linux-x86_64-fedora-clang, r-devel-linux-x86_64-fedora-gcc, r-devel-windows-x86_64