Last updated on 2022-08-15 08:49:53 CEST.
Flavor | Version | Tinstall | Tcheck | Ttotal | Status | Flags |
---|---|---|---|---|---|---|
r-devel-linux-x86_64-debian-clang | 1.0.2 | 6.92 | 62.99 | 69.91 | NOTE | |
r-devel-linux-x86_64-debian-gcc | 1.0.2 | 4.99 | 46.44 | 51.43 | NOTE | |
r-devel-linux-x86_64-fedora-clang | 1.0.2 | 93.28 | NOTE | |||
r-devel-linux-x86_64-fedora-gcc | 1.0.2 | 96.48 | NOTE | |||
r-devel-windows-x86_64 | 1.0.2 | 34.00 | 88.00 | 122.00 | NOTE | |
r-patched-linux-x86_64 | 1.0.2 | 5.69 | 58.25 | 63.94 | NOTE | |
r-release-linux-x86_64 | 1.0.2 | 6.07 | 57.78 | 63.85 | NOTE | |
r-release-macos-arm64 | 1.0.2 | 28.00 | NOTE | |||
r-release-macos-x86_64 | 1.0.2 | 45.00 | NOTE | |||
r-release-windows-x86_64 | 1.0.2 | 26.00 | 92.00 | 118.00 | NOTE | |
r-oldrel-macos-arm64 | 1.0.2 | 32.00 | NOTE | |||
r-oldrel-macos-x86_64 | 1.0.2 | 48.00 | NOTE | |||
r-oldrel-windows-ix86+x86_64 | 1.0.2 | 18.00 | 81.00 | 99.00 | NOTE |
Version: 1.0.2
Check: LazyData
Result: NOTE
'LazyData' is specified without a 'data' directory
Flavors: r-devel-linux-x86_64-debian-clang, r-devel-linux-x86_64-debian-gcc, r-devel-linux-x86_64-fedora-clang, r-devel-linux-x86_64-fedora-gcc, r-devel-windows-x86_64, r-patched-linux-x86_64, r-release-linux-x86_64, r-release-macos-arm64, r-release-macos-x86_64, r-release-windows-x86_64, r-oldrel-macos-arm64, r-oldrel-macos-x86_64, r-oldrel-windows-ix86+x86_64
Version: 1.0.2
Check: dependencies in R code
Result: NOTE
Namespace in Imports field not imported from: ‘yaml’
All declared Imports should be used.
Flavors: r-devel-linux-x86_64-fedora-clang, r-devel-linux-x86_64-fedora-gcc, r-release-macos-arm64, r-release-macos-x86_64, r-oldrel-macos-arm64, r-oldrel-macos-x86_64