Last updated on 2022-08-15 08:49:53 CEST.
Flavor | Version | Tinstall | Tcheck | Ttotal | Status | Flags |
---|---|---|---|---|---|---|
r-devel-linux-x86_64-debian-clang | 0.1.4 | 14.73 | 119.61 | 134.34 | NOTE | |
r-devel-linux-x86_64-debian-gcc | 0.1.4 | 11.25 | 87.08 | 98.33 | NOTE | |
r-devel-linux-x86_64-fedora-clang | 0.1.4 | 165.83 | NOTE | |||
r-devel-linux-x86_64-fedora-gcc | 0.1.4 | 159.90 | NOTE | |||
r-devel-windows-x86_64 | 0.1.4 | 28.00 | 134.00 | 162.00 | NOTE | |
r-patched-linux-x86_64 | 0.1.4 | 13.99 | 107.23 | 121.22 | NOTE | |
r-release-linux-x86_64 | 0.1.4 | 9.01 | 111.95 | 120.96 | NOTE | |
r-release-macos-arm64 | 0.1.4 | 43.00 | NOTE | |||
r-release-macos-x86_64 | 0.1.4 | 93.00 | NOTE | |||
r-release-windows-x86_64 | 0.1.4 | 19.00 | 133.00 | 152.00 | NOTE | |
r-oldrel-macos-arm64 | 0.1.4 | 51.00 | NOTE | |||
r-oldrel-macos-x86_64 | 0.1.4 | 79.00 | NOTE | |||
r-oldrel-windows-ix86+x86_64 | 0.1.4 | 32.00 | 140.00 | 172.00 | NOTE |
Version: 0.1.4
Check: LazyData
Result: NOTE
'LazyData' is specified without a 'data' directory
Flavors: r-devel-linux-x86_64-debian-clang, r-devel-linux-x86_64-debian-gcc, r-devel-linux-x86_64-fedora-clang, r-devel-linux-x86_64-fedora-gcc, r-devel-windows-x86_64, r-patched-linux-x86_64, r-release-linux-x86_64, r-release-macos-arm64, r-release-macos-x86_64, r-release-windows-x86_64, r-oldrel-macos-arm64, r-oldrel-macos-x86_64, r-oldrel-windows-ix86+x86_64