Last updated on 2022-08-15 08:49:53 CEST.
Flavor | Version | Tinstall | Tcheck | Ttotal | Status | Flags |
---|---|---|---|---|---|---|
r-devel-linux-x86_64-debian-clang | 1.0.5 | 24.43 | 41.10 | 65.53 | OK | |
r-devel-linux-x86_64-debian-gcc | 1.0.5 | 19.51 | 31.85 | 51.36 | OK | |
r-devel-linux-x86_64-fedora-clang | 1.0.5 | 104.04 | NOTE | |||
r-devel-linux-x86_64-fedora-gcc | 1.0.5 | 90.76 | NOTE | |||
r-devel-windows-x86_64 | 1.0.5 | 99.00 | 80.00 | 179.00 | OK | |
r-patched-linux-x86_64 | 1.0.5 | 19.78 | 40.09 | 59.87 | OK | |
r-release-linux-x86_64 | 1.0.5 | 19.88 | 40.86 | 60.74 | OK | |
r-release-macos-arm64 | 1.0.5 | 27.00 | OK | |||
r-release-macos-x86_64 | 1.0.5 | 39.00 | OK | |||
r-release-windows-x86_64 | 1.0.5 | 67.00 | 84.00 | 151.00 | OK | |
r-oldrel-macos-arm64 | 1.0.5 | 44.00 | OK | |||
r-oldrel-macos-x86_64 | 1.0.5 | 55.00 | OK | |||
r-oldrel-windows-ix86+x86_64 | 1.0.5 | 62.00 | 89.00 | 151.00 | OK |
Version: 1.0.5
Check: compiled code
Result: NOTE
File ‘collUtils/libs/collUtils.so’:
Found no calls to: ‘R_registerRoutines’, ‘R_useDynamicSymbols’
It is good practice to register native routines and to disable symbol
search.
See ‘Writing portable packages’ in the ‘Writing R Extensions’ manual.
Flavors: r-devel-linux-x86_64-fedora-clang, r-devel-linux-x86_64-fedora-gcc