Last updated on 2022-08-15 08:49:53 CEST.
Flavor | Version | Tinstall | Tcheck | Ttotal | Status | Flags |
---|---|---|---|---|---|---|
r-devel-linux-x86_64-debian-clang | 0.1.3 | 7.02 | 60.18 | 67.20 | OK | |
r-devel-linux-x86_64-debian-gcc | 0.1.3 | 6.61 | 47.19 | 53.80 | OK | |
r-devel-linux-x86_64-fedora-clang | 0.1.3 | 96.83 | NOTE | |||
r-devel-linux-x86_64-fedora-gcc | 0.1.3 | 93.62 | NOTE | |||
r-devel-windows-x86_64 | 0.1.3 | 12.00 | 88.00 | 100.00 | OK | |
r-patched-linux-x86_64 | 0.1.3 | 8.20 | 57.96 | 66.16 | OK | |
r-release-linux-x86_64 | 0.1.3 | 7.86 | 59.24 | 67.10 | OK | |
r-release-macos-arm64 | 0.1.3 | 29.00 | NOTE | |||
r-release-macos-x86_64 | 0.1.3 | 61.00 | NOTE | |||
r-release-windows-x86_64 | 0.1.3 | 16.00 | 89.00 | 105.00 | OK | |
r-oldrel-macos-arm64 | 0.1.3 | 35.00 | NOTE | |||
r-oldrel-macos-x86_64 | 0.1.3 | 58.00 | NOTE | |||
r-oldrel-windows-ix86+x86_64 | 0.1.3 | 18.00 | 79.00 | 97.00 | OK |
Version: 0.1.3
Check: data for non-ASCII characters
Result: NOTE
Note: found 4186 marked UTF-8 strings
Flavors: r-devel-linux-x86_64-fedora-clang, r-devel-linux-x86_64-fedora-gcc, r-release-macos-arm64, r-release-macos-x86_64, r-oldrel-macos-arm64, r-oldrel-macos-x86_64