Last updated on 2022-08-15 08:49:53 CEST.
Flavor | Version | Tinstall | Tcheck | Ttotal | Status | Flags |
---|---|---|---|---|---|---|
r-devel-linux-x86_64-debian-clang | 0.1.4 | 8.39 | 84.12 | 92.51 | NOTE | |
r-devel-linux-x86_64-debian-gcc | 0.1.4 | 6.13 | 62.24 | 68.37 | NOTE | |
r-devel-linux-x86_64-fedora-clang | 0.1.4 | 119.60 | NOTE | |||
r-devel-linux-x86_64-fedora-gcc | 0.1.4 | 116.50 | NOTE | |||
r-devel-windows-x86_64 | 0.1.4 | 25.00 | 101.00 | 126.00 | NOTE | |
r-patched-linux-x86_64 | 0.1.4 | 10.77 | 75.14 | 85.91 | NOTE | |
r-release-linux-x86_64 | 0.1.4 | 8.04 | 75.78 | 83.82 | NOTE | |
r-release-macos-arm64 | 0.1.4 | 33.00 | NOTE | |||
r-release-macos-x86_64 | 0.1.4 | 55.00 | NOTE | |||
r-release-windows-x86_64 | 0.1.4 | 21.00 | 108.00 | 129.00 | NOTE | |
r-oldrel-macos-arm64 | 0.1.4 | 36.00 | NOTE | |||
r-oldrel-macos-x86_64 | 0.1.4 | 54.00 | NOTE | |||
r-oldrel-windows-ix86+x86_64 | 0.1.4 | 22.00 | 102.00 | 124.00 | NOTE |
Version: 0.1.4
Check: LazyData
Result: NOTE
'LazyData' is specified without a 'data' directory
Flavors: r-devel-linux-x86_64-debian-clang, r-devel-linux-x86_64-debian-gcc, r-devel-linux-x86_64-fedora-clang, r-devel-linux-x86_64-fedora-gcc, r-devel-windows-x86_64, r-patched-linux-x86_64, r-release-linux-x86_64, r-release-macos-arm64, r-release-macos-x86_64, r-release-windows-x86_64, r-oldrel-macos-arm64, r-oldrel-macos-x86_64, r-oldrel-windows-ix86+x86_64