Last updated on 2022-08-15 08:49:53 CEST.
Flavor | Version | Tinstall | Tcheck | Ttotal | Status | Flags |
---|---|---|---|---|---|---|
r-devel-linux-x86_64-debian-clang | 1.0.3 | 44.69 | 42.76 | 87.45 | NOTE | |
r-devel-linux-x86_64-debian-gcc | 1.0.3 | 31.02 | 33.26 | 64.28 | NOTE | |
r-devel-linux-x86_64-fedora-clang | 1.0.3 | 126.23 | NOTE | |||
r-devel-linux-x86_64-fedora-gcc | 1.0.3 | 112.98 | NOTE | |||
r-devel-windows-x86_64 | 1.0.3 | 45.00 | 89.00 | 134.00 | NOTE | |
r-patched-linux-x86_64 | 1.0.3 | 33.19 | 41.47 | 74.66 | NOTE | |
r-release-linux-x86_64 | 1.0.3 | 31.51 | 41.97 | 73.48 | NOTE | |
r-release-macos-arm64 | 1.0.3 | 32.00 | NOTE | |||
r-release-macos-x86_64 | 1.0.3 | 44.00 | NOTE | |||
r-release-windows-x86_64 | 1.0.3 | 125.00 | 87.00 | 212.00 | NOTE | |
r-oldrel-macos-arm64 | 1.0.3 | 39.00 | NOTE | |||
r-oldrel-macos-x86_64 | 1.0.3 | 60.00 | NOTE | |||
r-oldrel-windows-ix86+x86_64 | 1.0.3 | 97.00 | 102.00 | 199.00 | NOTE |
Version: 1.0.3
Check: LazyData
Result: NOTE
'LazyData' is specified without a 'data' directory
Flavors: r-devel-linux-x86_64-debian-clang, r-devel-linux-x86_64-debian-gcc, r-devel-linux-x86_64-fedora-clang, r-devel-linux-x86_64-fedora-gcc, r-devel-windows-x86_64, r-patched-linux-x86_64, r-release-linux-x86_64, r-release-macos-arm64, r-release-macos-x86_64, r-release-windows-x86_64, r-oldrel-macos-arm64, r-oldrel-macos-x86_64, r-oldrel-windows-ix86+x86_64