Last updated on 2022-08-15 08:49:53 CEST.
Flavor | Version | Tinstall | Tcheck | Ttotal | Status | Flags |
---|---|---|---|---|---|---|
r-devel-linux-x86_64-debian-clang | 4.5.1 | 23.56 | 236.23 | 259.79 | NOTE | |
r-devel-linux-x86_64-debian-gcc | 4.5.1 | 20.56 | 169.26 | 189.82 | NOTE | |
r-devel-linux-x86_64-fedora-clang | 4.5.1 | 313.64 | NOTE | |||
r-devel-linux-x86_64-fedora-gcc | 4.5.1 | 325.01 | NOTE | |||
r-devel-windows-x86_64 | 4.5.1 | 122.00 | 275.00 | 397.00 | NOTE | |
r-patched-linux-x86_64 | 4.5.1 | 25.78 | 220.19 | 245.97 | OK | |
r-release-linux-x86_64 | 4.5.1 | 17.55 | 219.12 | 236.67 | OK | |
r-release-macos-arm64 | 4.5.1 | 79.00 | OK | |||
r-release-macos-x86_64 | 4.5.1 | 137.00 | OK | |||
r-release-windows-x86_64 | 4.5.1 | 97.00 | 262.00 | 359.00 | OK | |
r-oldrel-macos-arm64 | 4.5.1 | 89.00 | OK | |||
r-oldrel-macos-x86_64 | 4.5.1 | 137.00 | OK | |||
r-oldrel-windows-ix86+x86_64 | 4.5.1 | 50.00 | 280.00 | 330.00 | OK |
Version: 4.5.1
Check: Rd files
Result: NOTE
checkRd: (-1) compareGroups-package.Rd:52: Escaped LaTeX specials: \~
Flavors: r-devel-linux-x86_64-debian-clang, r-devel-linux-x86_64-debian-gcc, r-devel-linux-x86_64-fedora-clang, r-devel-linux-x86_64-fedora-gcc, r-devel-windows-x86_64