Last updated on 2022-08-15 08:49:53 CEST.
Flavor | Version | Tinstall | Tcheck | Ttotal | Status | Flags |
---|---|---|---|---|---|---|
r-devel-linux-x86_64-debian-clang | 0.1.1 | 94.38 | 30.14 | 124.52 | OK | |
r-devel-linux-x86_64-debian-gcc | 0.1.1 | 80.56 | 26.95 | 107.51 | OK | |
r-devel-linux-x86_64-fedora-clang | 0.1.1 | 175.65 | OK | |||
r-devel-linux-x86_64-fedora-gcc | 0.1.1 | 177.17 | OK | |||
r-devel-windows-x86_64 | 0.1.1 | 65.00 | 79.00 | 144.00 | OK | |
r-patched-linux-x86_64 | 0.1.1 | 79.22 | 33.22 | 112.44 | OK | |
r-release-linux-x86_64 | 0.1.1 | 91.03 | 33.57 | 124.60 | OK | |
r-release-macos-arm64 | 0.1.1 | 47.00 | NOTE | |||
r-release-macos-x86_64 | 0.1.1 | 62.00 | NOTE | |||
r-release-windows-x86_64 | 0.1.1 | 65.00 | 79.00 | 144.00 | OK | |
r-oldrel-macos-arm64 | 0.1.1 | 50.00 | NOTE | |||
r-oldrel-macos-x86_64 | 0.1.1 | 70.00 | NOTE | |||
r-oldrel-windows-ix86+x86_64 | 0.1.1 | 207.00 | 80.00 | 287.00 | OK |
Version: 0.1.1
Check: installed package size
Result: NOTE
installed size is 30.5Mb
sub-directories of 1Mb or more:
R 2.0Mb
libs 28.3Mb
Flavors: r-release-macos-arm64, r-release-macos-x86_64, r-oldrel-macos-arm64, r-oldrel-macos-x86_64