Last updated on 2022-08-15 08:49:53 CEST.
Flavor | Version | Tinstall | Tcheck | Ttotal | Status | Flags |
---|---|---|---|---|---|---|
r-devel-linux-x86_64-debian-clang | 2.0-4 | 26.57 | 237.58 | 264.15 | NOTE | |
r-devel-linux-x86_64-debian-gcc | 2.0-4 | 21.23 | 179.01 | 200.24 | NOTE | |
r-devel-linux-x86_64-fedora-clang | 2.0-4 | 332.02 | NOTE | |||
r-devel-linux-x86_64-fedora-gcc | 2.0-4 | 317.50 | NOTE | |||
r-devel-windows-x86_64 | 2.0-4 | 216.00 | 295.00 | 511.00 | NOTE | |
r-patched-linux-x86_64 | 2.0-4 | 35.88 | 224.15 | 260.03 | OK | |
r-release-linux-x86_64 | 2.0-4 | 20.00 | 224.53 | 244.53 | OK | |
r-release-macos-arm64 | 2.0-4 | 91.00 | OK | |||
r-release-macos-x86_64 | 2.0-4 | 122.00 | OK | |||
r-release-windows-x86_64 | 2.0-4 | 295.00 | 301.00 | 596.00 | OK | |
r-oldrel-macos-arm64 | 2.0-4 | 82.00 | OK | |||
r-oldrel-macos-x86_64 | 2.0-4 | 125.00 | OK | |||
r-oldrel-windows-ix86+x86_64 | 2.0-4 | 47.00 | 405.00 | 452.00 | OK |
Version: 2.0-4
Check: Rd files
Result: NOTE
checkRd: (-1) HouseholdExp.Rd:9: Escaped LaTeX specials: \$
checkRd: (-1) HouseholdExp.Rd:27: Escaped LaTeX specials: \$
checkRd: (-1) mix2compositions.Rd:28: Escaped LaTeX specials: \$
checkRd: (-1) mixRead.Rd:30: Escaped LaTeX specials: \$ \$
checkRd: (-1) mixRead.Rd:31: Escaped LaTeX specials: \$ \$
Flavors: r-devel-linux-x86_64-debian-clang, r-devel-linux-x86_64-debian-gcc, r-devel-linux-x86_64-fedora-clang, r-devel-linux-x86_64-fedora-gcc, r-devel-windows-x86_64