Last updated on 2022-08-15 08:49:53 CEST.
Flavor | Version | Tinstall | Tcheck | Ttotal | Status | Flags |
---|---|---|---|---|---|---|
r-devel-linux-x86_64-debian-clang | 2.0.0 | 12.27 | 76.55 | 88.82 | OK | |
r-devel-linux-x86_64-debian-gcc | 2.0.0 | 10.98 | 57.72 | 68.70 | OK | |
r-devel-linux-x86_64-fedora-clang | 2.0.0 | 118.70 | NOTE | |||
r-devel-linux-x86_64-fedora-gcc | 2.0.0 | 113.79 | NOTE | |||
r-devel-windows-x86_64 | 2.0.0 | 84.00 | 106.00 | 190.00 | OK | |
r-patched-linux-x86_64 | 2.0.0 | 11.77 | 70.32 | 82.09 | OK | |
r-release-linux-x86_64 | 2.0.0 | 12.83 | 69.42 | 82.25 | OK | |
r-release-macos-arm64 | 2.0.0 | 33.00 | NOTE | |||
r-release-macos-x86_64 | 2.0.0 | 69.00 | NOTE | |||
r-release-windows-x86_64 | 2.0.0 | 107.00 | 103.00 | 210.00 | OK | |
r-oldrel-macos-arm64 | 2.0.0 | 39.00 | NOTE | |||
r-oldrel-macos-x86_64 | 2.0.0 | 57.00 | NOTE | |||
r-oldrel-windows-ix86+x86_64 | 2.0.0 | 25.00 | 90.00 | 115.00 | OK |
Version: 2.0.0
Check: data for non-ASCII characters
Result: NOTE
Note: found 92 marked UTF-8 strings
Flavors: r-devel-linux-x86_64-fedora-clang, r-devel-linux-x86_64-fedora-gcc, r-release-macos-arm64, r-release-macos-x86_64, r-oldrel-macos-arm64, r-oldrel-macos-x86_64