Last updated on 2022-08-15 08:49:53 CEST.
Flavor | Version | Tinstall | Tcheck | Ttotal | Status | Flags |
---|---|---|---|---|---|---|
r-devel-linux-x86_64-debian-clang | 1.1 | 9.75 | 38.92 | 48.67 | OK | |
r-devel-linux-x86_64-debian-gcc | 1.1 | 6.12 | 30.06 | 36.18 | OK | |
r-devel-linux-x86_64-fedora-clang | 1.1 | 68.45 | NOTE | |||
r-devel-linux-x86_64-fedora-gcc | 1.1 | 67.88 | NOTE | |||
r-devel-windows-x86_64 | 1.1 | 36.00 | 67.00 | 103.00 | OK | |
r-patched-linux-x86_64 | 1.1 | 8.20 | 38.01 | 46.21 | OK | |
r-release-linux-x86_64 | 1.1 | 7.10 | 38.25 | 45.35 | OK | |
r-release-macos-arm64 | 1.1 | 20.00 | OK | |||
r-release-macos-x86_64 | 1.1 | 28.00 | OK | |||
r-release-windows-x86_64 | 1.1 | 38.00 | 65.00 | 103.00 | OK | |
r-oldrel-macos-arm64 | 1.1 | 28.00 | OK | |||
r-oldrel-macos-x86_64 | 1.1 | 39.00 | OK | |||
r-oldrel-windows-ix86+x86_64 | 1.1 | 19.00 | 78.00 | 97.00 | OK |
Version: 1.1
Check: compiled code
Result: NOTE
File ‘condmixt/libs/condmixt.so’:
Found no calls to: ‘R_registerRoutines’, ‘R_useDynamicSymbols’
It is good practice to register native routines and to disable symbol
search.
See ‘Writing portable packages’ in the ‘Writing R Extensions’ manual.
Flavors: r-devel-linux-x86_64-fedora-clang, r-devel-linux-x86_64-fedora-gcc