Last updated on 2022-08-15 08:49:53 CEST.
Flavor | Version | Tinstall | Tcheck | Ttotal | Status | Flags |
---|---|---|---|---|---|---|
r-devel-linux-x86_64-debian-clang | 0.1.0 | 6.14 | 79.18 | 85.32 | NOTE | |
r-devel-linux-x86_64-debian-gcc | 0.1.0 | 4.95 | 59.09 | 64.04 | NOTE | |
r-devel-linux-x86_64-fedora-clang | 0.1.0 | 113.05 | NOTE | |||
r-devel-linux-x86_64-fedora-gcc | 0.1.0 | 110.31 | NOTE | |||
r-devel-windows-x86_64 | 0.1.0 | 12.00 | 104.00 | 116.00 | NOTE | |
r-patched-linux-x86_64 | 0.1.0 | 7.01 | 75.77 | 82.78 | NOTE | |
r-release-linux-x86_64 | 0.1.0 | 5.86 | 75.70 | 81.56 | NOTE | |
r-release-macos-arm64 | 0.1.0 | 24.00 | NOTE | |||
r-release-macos-x86_64 | 0.1.0 | 46.00 | NOTE | |||
r-release-windows-x86_64 | 0.1.0 | 16.00 | 103.00 | 119.00 | NOTE | |
r-oldrel-macos-arm64 | 0.1.0 | 35.00 | NOTE | |||
r-oldrel-macos-x86_64 | 0.1.0 | 44.00 | NOTE | |||
r-oldrel-windows-ix86+x86_64 | 0.1.0 | 18.00 | 96.00 | 114.00 | NOTE |
Version: 0.1.0
Check: LazyData
Result: NOTE
'LazyData' is specified without a 'data' directory
Flavors: r-devel-linux-x86_64-debian-clang, r-devel-linux-x86_64-debian-gcc, r-devel-linux-x86_64-fedora-clang, r-devel-linux-x86_64-fedora-gcc, r-devel-windows-x86_64, r-patched-linux-x86_64, r-release-linux-x86_64, r-release-macos-arm64, r-release-macos-x86_64, r-release-windows-x86_64, r-oldrel-macos-arm64, r-oldrel-macos-x86_64, r-oldrel-windows-ix86+x86_64