Last updated on 2022-08-15 08:49:53 CEST.
Flavor | Version | Tinstall | Tcheck | Ttotal | Status | Flags |
---|---|---|---|---|---|---|
r-devel-linux-x86_64-debian-clang | 0.1.1 | 11.12 | 152.68 | 163.80 | NOTE | |
r-devel-linux-x86_64-debian-gcc | 0.1.1 | 7.70 | 112.91 | 120.61 | NOTE | |
r-devel-linux-x86_64-fedora-clang | 0.1.1 | 204.40 | NOTE | |||
r-devel-linux-x86_64-fedora-gcc | 0.1.1 | 196.31 | NOTE | |||
r-devel-windows-x86_64 | 0.1.1 | 24.00 | 176.00 | 200.00 | NOTE | |
r-patched-linux-x86_64 | 0.1.1 | 9.80 | 141.18 | 150.98 | NOTE | |
r-release-linux-x86_64 | 0.1.1 | 10.31 | 146.94 | 157.25 | NOTE | |
r-release-macos-arm64 | 0.1.1 | 54.00 | NOTE | |||
r-release-macos-x86_64 | 0.1.1 | 97.00 | NOTE | |||
r-release-windows-x86_64 | 0.1.1 | 48.00 | 183.00 | 231.00 | NOTE | |
r-oldrel-macos-arm64 | 0.1.1 | 89.00 | NOTE | |||
r-oldrel-macos-x86_64 | 0.1.1 | 89.00 | NOTE | |||
r-oldrel-windows-ix86+x86_64 | 0.1.1 | 25.00 | 173.00 | 198.00 | NOTE |
Version: 0.1.1
Check: LazyData
Result: NOTE
'LazyData' is specified without a 'data' directory
Flavors: r-devel-linux-x86_64-debian-clang, r-devel-linux-x86_64-debian-gcc, r-devel-linux-x86_64-fedora-clang, r-devel-linux-x86_64-fedora-gcc, r-devel-windows-x86_64, r-patched-linux-x86_64, r-release-linux-x86_64, r-release-macos-arm64, r-release-macos-x86_64, r-release-windows-x86_64, r-oldrel-macos-arm64, r-oldrel-macos-x86_64, r-oldrel-windows-ix86+x86_64
Version: 0.1.1
Check: package dependencies
Result: NOTE
Packages suggested but not available for checking:
'scagnostics', 'bartMachine'
Flavor: r-release-macos-x86_64