Last updated on 2022-08-15 08:49:53 CEST.
Flavor | Version | Tinstall | Tcheck | Ttotal | Status | Flags |
---|---|---|---|---|---|---|
r-devel-linux-x86_64-debian-clang | 0.3.1 | 1.99 | 25.81 | 27.80 | OK | |
r-devel-linux-x86_64-debian-gcc | 0.3.1 | 1.41 | 20.48 | 21.89 | OK | |
r-devel-linux-x86_64-fedora-clang | 0.3.1 | 45.46 | OK | |||
r-devel-linux-x86_64-fedora-gcc | 0.3.1 | 44.34 | OK | |||
r-devel-windows-x86_64 | 0.3.1 | 15.00 | 55.00 | 70.00 | OK | |
r-patched-linux-x86_64 | 0.3.1 | 1.85 | 24.31 | 26.16 | OK | |
r-release-linux-x86_64 | 0.3.1 | 2.02 | 25.01 | 27.03 | OK | |
r-release-macos-arm64 | 0.3.1 | 17.00 | OK | |||
r-release-macos-x86_64 | 0.3.1 | 24.00 | OK | |||
r-release-windows-x86_64 | 0.3.1 | 15.00 | 55.00 | 70.00 | OK | |
r-oldrel-macos-arm64 | 0.3.1 | 19.00 | OK | |||
r-oldrel-macos-x86_64 | 0.3.1 | 28.00 | OK | |||
r-oldrel-windows-ix86+x86_64 | 0.3.1 | 8.00 | 42.00 | 50.00 | WARN |
Version: 0.3.1
Check: re-building of vignette outputs
Result: WARN
Error(s) in re-building vignettes:
--- re-building 'introduction.Rmd' using rmarkdown
Error: processing vignette 'introduction.Rmd' failed with diagnostics:
only `math_method = 'mathjax'` is supported with earlier version than Pandoc 2.0
--- failed re-building 'introduction.Rmd'
SUMMARY: processing the following file failed:
'introduction.Rmd'
Error: Vignette re-building failed.
Execution halted
Flavor: r-oldrel-windows-ix86+x86_64