Last updated on 2022-08-15 08:49:53 CEST.
Flavor | Version | Tinstall | Tcheck | Ttotal | Status | Flags |
---|---|---|---|---|---|---|
r-devel-linux-x86_64-debian-clang | 1.0.0 | 2.19 | 31.03 | 33.22 | NOTE | |
r-devel-linux-x86_64-debian-gcc | 1.0.0 | 1.87 | 23.69 | 25.56 | NOTE | |
r-devel-linux-x86_64-fedora-clang | 1.0.0 | 52.23 | NOTE | |||
r-devel-linux-x86_64-fedora-gcc | 1.0.0 | 50.62 | NOTE | |||
r-devel-windows-x86_64 | 1.0.0 | 120.00 | 55.00 | 175.00 | NOTE | |
r-patched-linux-x86_64 | 1.0.0 | 2.93 | 30.16 | 33.09 | NOTE | |
r-release-linux-x86_64 | 1.0.0 | 2.50 | 30.31 | 32.81 | NOTE | |
r-release-macos-arm64 | 1.0.0 | 18.00 | NOTE | |||
r-release-macos-x86_64 | 1.0.0 | 24.00 | NOTE | |||
r-release-windows-x86_64 | 1.0.0 | 52.00 | 54.00 | 106.00 | NOTE | |
r-oldrel-macos-arm64 | 1.0.0 | 24.00 | NOTE | |||
r-oldrel-macos-x86_64 | 1.0.0 | 32.00 | NOTE | |||
r-oldrel-windows-ix86+x86_64 | 1.0.0 | 6.00 | 49.00 | 55.00 | NOTE |
Version: 1.0.0
Check: LazyData
Result: NOTE
'LazyData' is specified without a 'data' directory
Flavors: r-devel-linux-x86_64-debian-clang, r-devel-linux-x86_64-debian-gcc, r-devel-linux-x86_64-fedora-clang, r-devel-linux-x86_64-fedora-gcc, r-devel-windows-x86_64, r-patched-linux-x86_64, r-release-linux-x86_64, r-release-macos-arm64, r-release-macos-x86_64, r-release-windows-x86_64, r-oldrel-macos-arm64, r-oldrel-macos-x86_64, r-oldrel-windows-ix86+x86_64