Last updated on 2022-08-15 08:49:53 CEST.
Flavor | Version | Tinstall | Tcheck | Ttotal | Status | Flags |
---|---|---|---|---|---|---|
r-devel-linux-x86_64-debian-clang | 0.1.0 | 3.61 | 39.62 | 43.23 | OK | |
r-devel-linux-x86_64-debian-gcc | 0.1.0 | 3.56 | 30.50 | 34.06 | OK | |
r-devel-linux-x86_64-fedora-clang | 0.1.0 | 63.81 | NOTE | |||
r-devel-linux-x86_64-fedora-gcc | 0.1.0 | 62.23 | NOTE | |||
r-devel-windows-x86_64 | 0.1.0 | 9.00 | 68.00 | 77.00 | OK | |
r-patched-linux-x86_64 | 0.1.0 | 2.89 | 38.31 | 41.20 | OK | |
r-release-linux-x86_64 | 0.1.0 | 2.78 | 37.76 | 40.54 | OK | |
r-release-macos-arm64 | 0.1.0 | 21.00 | NOTE | |||
r-release-macos-x86_64 | 0.1.0 | 34.00 | NOTE | |||
r-release-windows-x86_64 | 0.1.0 | 11.00 | 72.00 | 83.00 | OK | |
r-oldrel-macos-arm64 | 0.1.0 | 22.00 | NOTE | |||
r-oldrel-macos-x86_64 | 0.1.0 | 29.00 | NOTE | |||
r-oldrel-windows-ix86+x86_64 | 0.1.0 | 13.00 | 64.00 | 77.00 | OK |
Version: 0.1.0
Check: dependencies in R code
Result: NOTE
Namespaces in Imports field not imported from:
‘DT’ ‘Hmisc’ ‘dplyr’ ‘foreign’ ‘lavaan’ ‘openxlsx’ ‘purrr’ ‘semTools’
‘shinyWidgets’ ‘stringr’ ‘summarytools’ ‘waiter’
All declared Imports should be used.
Flavors: r-devel-linux-x86_64-fedora-clang, r-devel-linux-x86_64-fedora-gcc, r-release-macos-arm64, r-release-macos-x86_64, r-oldrel-macos-arm64, r-oldrel-macos-x86_64