Last updated on 2022-08-15 08:49:53 CEST.
Flavor | Version | Tinstall | Tcheck | Ttotal | Status | Flags |
---|---|---|---|---|---|---|
r-devel-linux-x86_64-debian-clang | 0.2.2 | 6.13 | 57.30 | 63.43 | OK | |
r-devel-linux-x86_64-debian-gcc | 0.2.2 | 4.57 | 42.44 | 47.01 | OK | |
r-devel-linux-x86_64-fedora-clang | 0.2.2 | 87.02 | NOTE | |||
r-devel-linux-x86_64-fedora-gcc | 0.2.2 | 83.66 | NOTE | |||
r-devel-windows-x86_64 | 0.2.2 | 25.00 | 111.00 | 136.00 | OK | |
r-patched-linux-x86_64 | 0.2.2 | 6.67 | 53.22 | 59.89 | OK | |
r-release-linux-x86_64 | 0.2.2 | 4.83 | 54.28 | 59.11 | OK | |
r-release-macos-arm64 | 0.2.2 | 30.00 | NOTE | |||
r-release-macos-x86_64 | 0.2.2 | 55.00 | NOTE | |||
r-release-windows-x86_64 | 0.2.2 | 34.00 | 115.00 | 149.00 | OK | |
r-oldrel-macos-arm64 | 0.2.2 | 28.00 | NOTE | |||
r-oldrel-macos-x86_64 | 0.2.2 | 37.00 | NOTE | |||
r-oldrel-windows-ix86+x86_64 | 0.2.2 | 15.00 | 82.00 | 97.00 | OK |
Version: 0.2.2
Check: data for non-ASCII characters
Result: NOTE
Note: found 3 marked UTF-8 strings
Flavors: r-devel-linux-x86_64-fedora-clang, r-devel-linux-x86_64-fedora-gcc, r-release-macos-arm64, r-release-macos-x86_64, r-oldrel-macos-arm64, r-oldrel-macos-x86_64