Last updated on 2022-08-15 08:49:53 CEST.
Flavor | Version | Tinstall | Tcheck | Ttotal | Status | Flags |
---|---|---|---|---|---|---|
r-devel-linux-x86_64-debian-clang | 1.1.0 | 7.45 | 64.56 | 72.01 | NOTE | |
r-devel-linux-x86_64-debian-gcc | 1.1.0 | 6.38 | 50.75 | 57.13 | NOTE | |
r-devel-linux-x86_64-fedora-clang | 1.1.0 | 100.25 | NOTE | |||
r-devel-linux-x86_64-fedora-gcc | 1.1.0 | 98.36 | NOTE | |||
r-devel-windows-x86_64 | 1.1.0 | 11.00 | 85.00 | 96.00 | NOTE | |
r-patched-linux-x86_64 | 1.1.0 | 7.46 | 64.59 | 72.05 | NOTE | |
r-release-linux-x86_64 | 1.1.0 | 6.58 | 64.66 | 71.24 | NOTE | |
r-release-macos-arm64 | 1.1.0 | 28.00 | NOTE | |||
r-release-macos-x86_64 | 1.1.0 | 42.00 | NOTE | |||
r-release-windows-x86_64 | 1.1.0 | 15.00 | 86.00 | 101.00 | NOTE | |
r-oldrel-macos-arm64 | 1.1.0 | 36.00 | NOTE | |||
r-oldrel-macos-x86_64 | 1.1.0 | 56.00 | NOTE | |||
r-oldrel-windows-ix86+x86_64 | 1.1.0 | 16.00 | 82.00 | 98.00 | NOTE |
Version: 1.1.0
Check: LazyData
Result: NOTE
'LazyData' is specified without a 'data' directory
Flavors: r-devel-linux-x86_64-debian-clang, r-devel-linux-x86_64-debian-gcc, r-devel-linux-x86_64-fedora-clang, r-devel-linux-x86_64-fedora-gcc, r-devel-windows-x86_64, r-patched-linux-x86_64, r-release-linux-x86_64, r-release-macos-arm64, r-release-macos-x86_64, r-release-windows-x86_64, r-oldrel-macos-arm64, r-oldrel-macos-x86_64, r-oldrel-windows-ix86+x86_64