Last updated on 2022-08-15 08:49:53 CEST.
Flavor | Version | Tinstall | Tcheck | Ttotal | Status | Flags |
---|---|---|---|---|---|---|
r-devel-linux-x86_64-debian-clang | 1.4.3 | 11.77 | 107.65 | 119.42 | NOTE | |
r-devel-linux-x86_64-debian-gcc | 1.4.3 | 10.79 | 81.02 | 91.81 | NOTE | |
r-devel-linux-x86_64-fedora-clang | 1.4.3 | 158.82 | NOTE | |||
r-devel-linux-x86_64-fedora-gcc | 1.4.3 | 161.41 | NOTE | |||
r-devel-windows-x86_64 | 1.4.3 | 46.00 | 127.00 | 173.00 | NOTE | |
r-patched-linux-x86_64 | 1.4.3 | 14.23 | 103.76 | 117.99 | NOTE | |
r-release-linux-x86_64 | 1.4.3 | 9.72 | 105.21 | 114.93 | NOTE | |
r-release-macos-arm64 | 1.4.3 | 44.00 | NOTE | |||
r-release-macos-x86_64 | 1.4.3 | 58.00 | NOTE | |||
r-release-windows-x86_64 | 1.4.3 | 55.00 | 125.00 | 180.00 | NOTE | |
r-oldrel-macos-arm64 | 1.4.3 | 49.00 | NOTE | |||
r-oldrel-macos-x86_64 | 1.4.3 | 86.00 | NOTE | |||
r-oldrel-windows-ix86+x86_64 | 1.4.3 | 28.00 | 124.00 | 152.00 | OK |
Version: 1.4.3
Check: package dependencies
Result: NOTE
Packages suggested but not available for checking:
'cec2005benchmark', 'cec2013'
Flavors: r-devel-linux-x86_64-debian-clang, r-devel-linux-x86_64-debian-gcc, r-devel-linux-x86_64-fedora-clang, r-devel-linux-x86_64-fedora-gcc, r-patched-linux-x86_64, r-release-linux-x86_64
Version: 1.4.3
Check: package dependencies
Result: NOTE
Package suggested but not available for checking: 'cec2005benchmark'
Flavors: r-devel-windows-x86_64, r-release-macos-arm64, r-release-macos-x86_64, r-release-windows-x86_64, r-oldrel-macos-arm64, r-oldrel-macos-x86_64