Last updated on 2022-08-15 08:49:53 CEST.
Flavor | Version | Tinstall | Tcheck | Ttotal | Status | Flags |
---|---|---|---|---|---|---|
r-devel-linux-x86_64-debian-clang | 3.2.1 | 4.61 | 234.76 | 239.37 | NOTE | |
r-devel-linux-x86_64-debian-gcc | 3.2.1 | 3.66 | 180.84 | 184.50 | NOTE | |
r-devel-linux-x86_64-fedora-clang | 3.2.1 | 265.38 | NOTE | |||
r-devel-linux-x86_64-fedora-gcc | 3.2.1 | 297.85 | NOTE | |||
r-devel-windows-x86_64 | 3.2.1 | 26.00 | 165.00 | 191.00 | NOTE | |
r-patched-linux-x86_64 | 3.2.1 | 4.87 | 232.05 | 236.92 | NOTE | |
r-release-linux-x86_64 | 3.2.1 | 4.35 | 231.43 | 235.78 | NOTE | |
r-release-macos-arm64 | 3.2.1 | 75.00 | NOTE | |||
r-release-macos-x86_64 | 3.2.1 | 93.00 | NOTE | |||
r-release-windows-x86_64 | 3.2.1 | 11.00 | 160.00 | 171.00 | NOTE | |
r-oldrel-macos-arm64 | 3.2.1 | 114.00 | NOTE | |||
r-oldrel-macos-x86_64 | 3.2.1 | 114.00 | NOTE | |||
r-oldrel-windows-ix86+x86_64 | 3.2.1 | 12.00 | 167.00 | 179.00 | NOTE |
Version: 3.2.1
Check: LazyData
Result: NOTE
'LazyData' is specified without a 'data' directory
Flavors: r-devel-linux-x86_64-debian-clang, r-devel-linux-x86_64-debian-gcc, r-devel-linux-x86_64-fedora-clang, r-devel-linux-x86_64-fedora-gcc, r-devel-windows-x86_64, r-patched-linux-x86_64, r-release-linux-x86_64, r-release-macos-arm64, r-release-macos-x86_64, r-release-windows-x86_64, r-oldrel-macos-arm64, r-oldrel-macos-x86_64, r-oldrel-windows-ix86+x86_64