Last updated on 2022-08-15 08:49:53 CEST.
Flavor | Version | Tinstall | Tcheck | Ttotal | Status | Flags |
---|---|---|---|---|---|---|
r-devel-linux-x86_64-debian-clang | 0.2.0 | 35.67 | 468.90 | 504.57 | OK | |
r-devel-linux-x86_64-debian-gcc | 0.2.0 | 27.81 | 339.91 | 367.72 | OK | |
r-devel-linux-x86_64-fedora-clang | 0.2.0 | 599.42 | NOTE | |||
r-devel-linux-x86_64-fedora-gcc | 0.2.0 | 627.46 | NOTE | |||
r-devel-windows-x86_64 | 0.2.0 | 38.00 | 470.00 | 508.00 | OK | |
r-patched-linux-x86_64 | 0.2.0 | 36.48 | 437.10 | 473.58 | OK | |
r-release-linux-x86_64 | 0.2.0 | 31.25 | 437.19 | 468.44 | OK | |
r-release-macos-arm64 | 0.2.0 | 149.00 | NOTE | |||
r-release-macos-x86_64 | 0.2.0 | 295.00 | NOTE | |||
r-release-windows-x86_64 | 0.2.0 | 56.00 | 467.00 | 523.00 | OK | |
r-oldrel-macos-arm64 | 0.2.0 | 189.00 | NOTE | |||
r-oldrel-macos-x86_64 | 0.2.0 | 303.00 | NOTE | |||
r-oldrel-windows-ix86+x86_64 | 0.2.0 | 70.00 | 489.00 | 559.00 | OK |
Version: 0.2.0
Check: dependencies in R code
Result: NOTE
Namespaces in Imports field not imported from:
‘Matrix’ ‘rmutil’
All declared Imports should be used.
Flavors: r-devel-linux-x86_64-fedora-clang, r-devel-linux-x86_64-fedora-gcc, r-release-macos-arm64, r-release-macos-x86_64, r-oldrel-macos-arm64, r-oldrel-macos-x86_64