Last updated on 2022-08-15 08:49:53 CEST.
Flavor | Version | Tinstall | Tcheck | Ttotal | Status | Flags |
---|---|---|---|---|---|---|
r-devel-linux-x86_64-debian-clang | 1.0.2 | 1.76 | 30.01 | 31.77 | NOTE | |
r-devel-linux-x86_64-debian-gcc | 1.0.2 | 1.94 | 22.15 | 24.09 | NOTE | |
r-devel-linux-x86_64-fedora-clang | 1.0.2 | 49.33 | NOTE | |||
r-devel-linux-x86_64-fedora-gcc | 1.0.2 | 48.73 | NOTE | |||
r-devel-windows-x86_64 | 1.0.2 | 11.00 | 52.00 | 63.00 | NOTE | |
r-patched-linux-x86_64 | 1.0.2 | 2.57 | 29.12 | 31.69 | NOTE | |
r-release-linux-x86_64 | 1.0.2 | 2.36 | 28.16 | 30.52 | NOTE | |
r-release-macos-arm64 | 1.0.2 | 17.00 | NOTE | |||
r-release-macos-x86_64 | 1.0.2 | 21.00 | NOTE | |||
r-release-windows-x86_64 | 1.0.2 | 7.00 | 53.00 | 60.00 | NOTE | |
r-oldrel-macos-arm64 | 1.0.2 | 21.00 | NOTE | |||
r-oldrel-macos-x86_64 | 1.0.2 | 33.00 | NOTE | |||
r-oldrel-windows-ix86+x86_64 | 1.0.2 | 6.00 | 52.00 | 58.00 | NOTE |
Version: 1.0.2
Check: LazyData
Result: NOTE
'LazyData' is specified without a 'data' directory
Flavors: r-devel-linux-x86_64-debian-clang, r-devel-linux-x86_64-debian-gcc, r-devel-linux-x86_64-fedora-clang, r-devel-linux-x86_64-fedora-gcc, r-devel-windows-x86_64, r-patched-linux-x86_64, r-release-linux-x86_64, r-release-macos-arm64, r-release-macos-x86_64, r-release-windows-x86_64, r-oldrel-macos-arm64, r-oldrel-macos-x86_64, r-oldrel-windows-ix86+x86_64