Last updated on 2022-08-15 08:49:53 CEST.
Flavor | Version | Tinstall | Tcheck | Ttotal | Status | Flags |
---|---|---|---|---|---|---|
r-devel-linux-x86_64-debian-clang | 2.0.2 | 8.18 | 72.89 | 81.07 | OK | |
r-devel-linux-x86_64-debian-gcc | 2.0.2 | 6.45 | 54.42 | 60.87 | OK | |
r-devel-linux-x86_64-fedora-clang | 2.0.2 | 106.47 | NOTE | |||
r-devel-linux-x86_64-fedora-gcc | 2.0.2 | 102.29 | NOTE | |||
r-devel-windows-x86_64 | 2.0.2 | 21.00 | 106.00 | 127.00 | OK | |
r-patched-linux-x86_64 | 2.0.2 | 9.53 | 66.93 | 76.46 | OK | |
r-release-linux-x86_64 | 2.0.2 | 6.95 | 66.16 | 73.11 | OK | |
r-release-macos-arm64 | 2.0.2 | 34.00 | NOTE | |||
r-release-macos-x86_64 | 2.0.2 | 42.00 | NOTE | |||
r-release-windows-x86_64 | 2.0.2 | 22.00 | 103.00 | 125.00 | OK | |
r-oldrel-macos-arm64 | 2.0.2 | 48.00 | NOTE | |||
r-oldrel-macos-x86_64 | 2.0.2 | 59.00 | NOTE | |||
r-oldrel-windows-ix86+x86_64 | 2.0.2 | 16.00 | 90.00 | 106.00 | OK |
Version: 2.0.2
Check: data for non-ASCII characters
Result: NOTE
Note: found 2 marked Latin-1 strings
Flavors: r-devel-linux-x86_64-fedora-clang, r-devel-linux-x86_64-fedora-gcc, r-release-macos-arm64, r-release-macos-x86_64, r-oldrel-macos-arm64, r-oldrel-macos-x86_64