Last updated on 2022-08-15 08:49:53 CEST.
Flavor | Version | Tinstall | Tcheck | Ttotal | Status | Flags |
---|---|---|---|---|---|---|
r-devel-linux-x86_64-debian-clang | 1.1-1 | 2.33 | 23.59 | 25.92 | NOTE | |
r-devel-linux-x86_64-debian-gcc | 1.1-1 | 1.80 | 17.92 | 19.72 | NOTE | |
r-devel-linux-x86_64-fedora-clang | 1.1-1 | 42.03 | NOTE | |||
r-devel-linux-x86_64-fedora-gcc | 1.1-1 | 40.08 | NOTE | |||
r-devel-windows-x86_64 | 1.1-1 | 12.00 | 46.00 | 58.00 | NOTE | |
r-patched-linux-x86_64 | 1.1-1 | 1.74 | 22.11 | 23.85 | OK | |
r-release-linux-x86_64 | 1.1-1 | 2.36 | 22.75 | 25.11 | OK | |
r-release-macos-arm64 | 1.1-1 | 16.00 | OK | |||
r-release-macos-x86_64 | 1.1-1 | 22.00 | OK | |||
r-release-windows-x86_64 | 1.1-1 | 24.00 | 44.00 | 68.00 | OK | |
r-oldrel-macos-arm64 | 1.1-1 | 16.00 | OK | |||
r-oldrel-macos-x86_64 | 1.1-1 | 21.00 | OK | |||
r-oldrel-windows-ix86+x86_64 | 1.1-1 | 5.00 | 38.00 | 43.00 | OK |
Version: 1.1-1
Check: Rd files
Result: NOTE
checkRd: (-1) cosmoFns-package.Rd:34: Escaped LaTeX specials: \&
Flavors: r-devel-linux-x86_64-debian-clang, r-devel-linux-x86_64-debian-gcc, r-devel-linux-x86_64-fedora-clang, r-devel-linux-x86_64-fedora-gcc, r-devel-windows-x86_64