Last updated on 2022-08-15 08:49:53 CEST.
Flavor | Version | Tinstall | Tcheck | Ttotal | Status | Flags |
---|---|---|---|---|---|---|
r-devel-linux-x86_64-debian-clang | 0.0.2 | 2.75 | 47.39 | 50.14 | NOTE | |
r-devel-linux-x86_64-debian-gcc | 0.0.2 | 2.29 | 36.62 | 38.91 | NOTE | |
r-devel-linux-x86_64-fedora-clang | 0.0.2 | 73.28 | NOTE | |||
r-devel-linux-x86_64-fedora-gcc | 0.0.2 | 73.03 | NOTE | |||
r-devel-windows-x86_64 | 0.0.2 | 17.00 | 104.00 | 121.00 | NOTE | |
r-patched-linux-x86_64 | 0.0.2 | 2.60 | 45.51 | 48.11 | NOTE | |
r-release-linux-x86_64 | 0.0.2 | 2.47 | 45.47 | 47.94 | NOTE | |
r-release-macos-arm64 | 0.0.2 | 29.00 | NOTE | |||
r-release-macos-x86_64 | 0.0.2 | 56.00 | NOTE | |||
r-release-windows-x86_64 | 0.0.2 | 13.00 | 101.00 | 114.00 | NOTE | |
r-oldrel-macos-arm64 | 0.0.2 | 41.00 | NOTE | |||
r-oldrel-macos-x86_64 | 0.0.2 | 85.00 | NOTE | |||
r-oldrel-windows-ix86+x86_64 | 0.0.2 | 7.00 | 77.00 | 84.00 | NOTE |
Version: 0.0.2
Check: LazyData
Result: NOTE
'LazyData' is specified without a 'data' directory
Flavors: r-devel-linux-x86_64-debian-clang, r-devel-linux-x86_64-debian-gcc, r-devel-linux-x86_64-fedora-clang, r-devel-linux-x86_64-fedora-gcc, r-devel-windows-x86_64, r-patched-linux-x86_64, r-release-linux-x86_64, r-release-macos-arm64, r-release-macos-x86_64, r-release-windows-x86_64, r-oldrel-macos-arm64, r-oldrel-macos-x86_64, r-oldrel-windows-ix86+x86_64