Last updated on 2022-08-15 08:49:53 CEST.
Flavor | Version | Tinstall | Tcheck | Ttotal | Status | Flags |
---|---|---|---|---|---|---|
r-devel-linux-x86_64-debian-clang | 0.1.0 | 3.43 | 56.82 | 60.25 | OK | |
r-devel-linux-x86_64-debian-gcc | 0.1.0 | 2.89 | 45.26 | 48.15 | OK | |
r-devel-linux-x86_64-fedora-clang | 0.1.0 | 83.80 | NOTE | |||
r-devel-linux-x86_64-fedora-gcc | 0.1.0 | 83.35 | NOTE | |||
r-devel-windows-x86_64 | 0.1.0 | 16.00 | 110.00 | 126.00 | OK | |
r-patched-linux-x86_64 | 0.1.0 | 4.03 | 57.25 | 61.28 | OK | |
r-release-linux-x86_64 | 0.1.0 | 3.42 | 55.60 | 59.02 | OK | |
r-release-macos-arm64 | 0.1.0 | 32.00 | OK | |||
r-release-macos-x86_64 | 0.1.0 | 43.00 | OK | |||
r-release-windows-x86_64 | 0.1.0 | 15.00 | 111.00 | 126.00 | OK | |
r-oldrel-macos-arm64 | 0.1.0 | 42.00 | OK | |||
r-oldrel-macos-x86_64 | 0.1.0 | 63.00 | OK | |||
r-oldrel-windows-ix86+x86_64 | 0.1.0 | 10.00 | 106.00 | 116.00 | OK |
Version: 0.1.0
Check: compiled code
Result: NOTE
File ‘covBM/libs/covBM.so’:
Found no calls to: ‘R_registerRoutines’, ‘R_useDynamicSymbols’
It is good practice to register native routines and to disable symbol
search.
See ‘Writing portable packages’ in the ‘Writing R Extensions’ manual.
Flavors: r-devel-linux-x86_64-fedora-clang, r-devel-linux-x86_64-fedora-gcc