Last updated on 2022-08-15 08:49:53 CEST.
Flavor | Version | Tinstall | Tcheck | Ttotal | Status | Flags |
---|---|---|---|---|---|---|
r-devel-linux-x86_64-debian-clang | 0.1.4 | 174.22 | 37.58 | 211.80 | NOTE | |
r-devel-linux-x86_64-debian-gcc | 0.1.4 | 143.17 | 28.95 | 172.12 | NOTE | |
r-devel-linux-x86_64-fedora-clang | 0.1.4 | 332.05 | NOTE | |||
r-devel-linux-x86_64-fedora-gcc | 0.1.4 | 305.59 | NOTE | |||
r-devel-windows-x86_64 | 0.1.4 | 149.00 | 88.00 | 237.00 | NOTE | |
r-patched-linux-x86_64 | 0.1.4 | 153.07 | 36.03 | 189.10 | NOTE | |
r-release-linux-x86_64 | 0.1.4 | 152.05 | 36.30 | 188.35 | NOTE | |
r-release-macos-arm64 | 0.1.4 | 64.00 | NOTE | |||
r-release-macos-x86_64 | 0.1.4 | 86.00 | NOTE | |||
r-release-windows-x86_64 | 0.1.4 | 154.00 | 82.00 | 236.00 | NOTE | |
r-oldrel-macos-arm64 | 0.1.4 | 74.00 | NOTE | |||
r-oldrel-macos-x86_64 | 0.1.4 | 134.00 | NOTE | |||
r-oldrel-windows-ix86+x86_64 | 0.1.4 | 470.00 | 81.00 | 551.00 | NOTE |
Version: 0.1.4
Check: LazyData
Result: NOTE
'LazyData' is specified without a 'data' directory
Flavors: r-devel-linux-x86_64-debian-clang, r-devel-linux-x86_64-debian-gcc, r-devel-linux-x86_64-fedora-clang, r-devel-linux-x86_64-fedora-gcc, r-devel-windows-x86_64, r-patched-linux-x86_64, r-release-linux-x86_64, r-release-macos-arm64, r-release-macos-x86_64, r-release-windows-x86_64, r-oldrel-macos-arm64, r-oldrel-macos-x86_64, r-oldrel-windows-ix86+x86_64
Version: 0.1.4
Check: installed package size
Result: NOTE
installed size is 5.2Mb
sub-directories of 1Mb or more:
libs 5.1Mb
Flavor: r-oldrel-macos-arm64