Last updated on 2022-08-15 08:49:53 CEST.
Flavor | Version | Tinstall | Tcheck | Ttotal | Status | Flags |
---|---|---|---|---|---|---|
r-devel-linux-x86_64-debian-clang | 1.0.2 | 3.68 | 302.89 | 306.57 | OK | |
r-devel-linux-x86_64-debian-gcc | 1.0.2 | 2.87 | 204.24 | 207.11 | OK | |
r-devel-linux-x86_64-fedora-clang | 1.0.2 | 368.62 | NOTE | |||
r-devel-linux-x86_64-fedora-gcc | 1.0.2 | 340.17 | NOTE | |||
r-devel-windows-x86_64 | 1.0.2 | 33.00 | 342.00 | 375.00 | OK | |
r-patched-linux-x86_64 | 1.0.2 | 3.32 | 272.44 | 275.76 | OK | |
r-release-linux-x86_64 | 1.0.2 | 3.90 | 272.61 | 276.51 | OK | |
r-release-macos-arm64 | 1.0.2 | 113.00 | NOTE | |||
r-release-macos-x86_64 | 1.0.2 | 157.00 | NOTE | |||
r-release-windows-x86_64 | 1.0.2 | 62.00 | 341.00 | 403.00 | OK | |
r-oldrel-macos-arm64 | 1.0.2 | 102.00 | NOTE | |||
r-oldrel-macos-x86_64 | 1.0.2 | 167.00 | NOTE | |||
r-oldrel-windows-ix86+x86_64 | 1.0.2 | 9.00 | 355.00 | 364.00 | OK |
Version: 1.0.2
Check: dependencies in R code
Result: NOTE
Namespace in Imports field not imported from: ‘colourpicker’
All declared Imports should be used.
Flavors: r-devel-linux-x86_64-fedora-clang, r-devel-linux-x86_64-fedora-gcc, r-release-macos-arm64, r-release-macos-x86_64, r-oldrel-macos-arm64, r-oldrel-macos-x86_64