Last updated on 2022-08-15 08:49:53 CEST.
Flavor | Version | Tinstall | Tcheck | Ttotal | Status | Flags |
---|---|---|---|---|---|---|
r-devel-linux-x86_64-debian-clang | 2.1.2 | 15.18 | 356.46 | 371.64 | OK | |
r-devel-linux-x86_64-debian-gcc | 2.1.2 | 11.48 | 240.78 | 252.26 | OK | |
r-devel-linux-x86_64-fedora-clang | 2.1.2 | 439.01 | NOTE | |||
r-devel-linux-x86_64-fedora-gcc | 2.1.2 | 423.74 | OK | |||
r-devel-windows-x86_64 | 2.1.2 | 269.00 | 335.00 | 604.00 | NOTE | |
r-patched-linux-x86_64 | 2.1.2 | 14.09 | 328.45 | 342.54 | OK | |
r-release-linux-x86_64 | 2.1.2 | 15.54 | 328.68 | 344.22 | OK | |
r-release-macos-arm64 | 2.1.2 | 111.00 | NOTE | |||
r-release-macos-x86_64 | 2.1.2 | 191.00 | NOTE | |||
r-release-windows-x86_64 | 2.1.2 | 252.00 | 331.00 | 583.00 | NOTE | |
r-oldrel-macos-arm64 | 2.1.2 | 110.00 | NOTE | |||
r-oldrel-macos-x86_64 | 2.1.2 | 135.00 | NOTE | |||
r-oldrel-windows-ix86+x86_64 | 2.1.2 | 39.00 | 564.00 | 603.00 | OK |
Version: 2.1.2
Check: installed package size
Result: NOTE
installed size is 5.0Mb
sub-directories of 1Mb or more:
doc 1.6Mb
extdata 2.7Mb
Flavors: r-devel-linux-x86_64-fedora-clang, r-devel-windows-x86_64, r-release-macos-arm64, r-release-macos-x86_64, r-release-windows-x86_64, r-oldrel-macos-arm64, r-oldrel-macos-x86_64