Last updated on 2022-08-15 08:49:53 CEST.
Flavor | Version | Tinstall | Tcheck | Ttotal | Status | Flags |
---|---|---|---|---|---|---|
r-devel-linux-x86_64-debian-clang | 0.1.2 | 5.08 | 37.96 | 43.04 | OK | |
r-devel-linux-x86_64-debian-gcc | 0.1.2 | 4.69 | 29.58 | 34.27 | OK | |
r-devel-linux-x86_64-fedora-clang | 0.1.2 | 63.18 | NOTE | |||
r-devel-linux-x86_64-fedora-gcc | 0.1.2 | 61.00 | NOTE | |||
r-devel-windows-x86_64 | 0.1.2 | 20.00 | 70.00 | 90.00 | OK | |
r-patched-linux-x86_64 | 0.1.2 | 4.22 | 36.06 | 40.28 | OK | |
r-release-linux-x86_64 | 0.1.2 | 3.69 | 36.58 | 40.27 | OK | |
r-release-macos-arm64 | 0.1.2 | 23.00 | NOTE | |||
r-release-macos-x86_64 | 0.1.2 | 40.00 | NOTE | |||
r-release-windows-x86_64 | 0.1.2 | 21.00 | 70.00 | 91.00 | OK | |
r-oldrel-macos-arm64 | 0.1.2 | 25.00 | NOTE | |||
r-oldrel-macos-x86_64 | 0.1.2 | 32.00 | NOTE | |||
r-oldrel-windows-ix86+x86_64 | 0.1.2 | 15.00 | 60.00 | 75.00 | OK |
Version: 0.1.2
Check: dependencies in R code
Result: NOTE
Namespaces in Imports field not imported from:
‘mapview’ ‘plotly’
All declared Imports should be used.
Flavors: r-devel-linux-x86_64-fedora-clang, r-devel-linux-x86_64-fedora-gcc, r-release-macos-arm64, r-release-macos-x86_64, r-oldrel-macos-arm64, r-oldrel-macos-x86_64