Last updated on 2022-08-15 08:49:53 CEST.
Flavor | Version | Tinstall | Tcheck | Ttotal | Status | Flags |
---|---|---|---|---|---|---|
r-devel-linux-x86_64-debian-clang | 3.5.1 | 5.77 | 127.41 | 133.18 | NOTE | |
r-devel-linux-x86_64-debian-gcc | 3.5.1 | 4.74 | 99.95 | 104.69 | NOTE | |
r-devel-linux-x86_64-fedora-clang | 3.5.1 | 177.89 | NOTE | |||
r-devel-linux-x86_64-fedora-gcc | 3.5.1 | 204.37 | NOTE | |||
r-devel-windows-x86_64 | 3.5.1 | 46.00 | 232.00 | 278.00 | NOTE | |
r-patched-linux-x86_64 | 3.5.1 | 5.50 | 125.43 | 130.93 | NOTE | |
r-release-linux-x86_64 | 3.5.1 | 4.86 | 125.43 | 130.29 | NOTE | |
r-release-macos-arm64 | 3.5.1 | 71.00 | NOTE | |||
r-release-macos-x86_64 | 3.5.1 | 113.00 | NOTE | |||
r-release-windows-x86_64 | 3.5.1 | 99.00 | 239.00 | 338.00 | NOTE | |
r-oldrel-macos-arm64 | 3.5.1 | 113.00 | NOTE | |||
r-oldrel-macos-x86_64 | 3.5.1 | 159.00 | NOTE | |||
r-oldrel-windows-ix86+x86_64 | 3.5.1 | 12.00 | 356.00 | 368.00 | NOTE |
Version: 3.5.1
Check: package subdirectories
Result: NOTE
Problems with news in 'NEWS.md':
Cannot extract version info from the following section titles:
Initial Release
Flavors: r-devel-linux-x86_64-debian-clang, r-devel-linux-x86_64-debian-gcc, r-devel-linux-x86_64-fedora-clang, r-devel-linux-x86_64-fedora-gcc, r-devel-windows-x86_64
Version: 3.5.1
Check: LazyData
Result: NOTE
'LazyData' is specified without a 'data' directory
Flavors: r-devel-linux-x86_64-debian-clang, r-devel-linux-x86_64-debian-gcc, r-devel-linux-x86_64-fedora-clang, r-devel-linux-x86_64-fedora-gcc, r-devel-windows-x86_64, r-patched-linux-x86_64, r-release-linux-x86_64, r-release-macos-arm64, r-release-macos-x86_64, r-release-windows-x86_64, r-oldrel-macos-arm64, r-oldrel-macos-x86_64, r-oldrel-windows-ix86+x86_64
Version: 3.5.1
Check: HTML version of manual
Result: NOTE
Found the following HTML validation problems:
covr-package.html:36:133: Warning: inserting implicit <p>
covr-package.html:36:133: Warning: trimming empty <p>
Flavors: r-devel-linux-x86_64-debian-clang, r-devel-linux-x86_64-debian-gcc, r-devel-linux-x86_64-fedora-clang, r-devel-linux-x86_64-fedora-gcc