Last updated on 2022-08-15 08:49:53 CEST.
Flavor | Version | Tinstall | Tcheck | Ttotal | Status | Flags |
---|---|---|---|---|---|---|
r-devel-linux-x86_64-debian-clang | 1.1.1 | 6.68 | 126.12 | 132.80 | NOTE | |
r-devel-linux-x86_64-debian-gcc | 1.1.1 | 6.37 | 89.65 | 96.02 | NOTE | |
r-devel-linux-x86_64-fedora-clang | 1.1.1 | 162.56 | NOTE | |||
r-devel-linux-x86_64-fedora-gcc | 1.1.1 | 153.55 | NOTE | |||
r-devel-windows-x86_64 | 1.1.1 | 54.00 | 150.00 | 204.00 | NOTE | |
r-patched-linux-x86_64 | 1.1.1 | 10.66 | 113.30 | 123.96 | NOTE | |
r-release-linux-x86_64 | 1.1.1 | 5.36 | 111.98 | 117.34 | NOTE | |
r-release-macos-arm64 | 1.1.1 | 44.00 | NOTE | |||
r-release-macos-x86_64 | 1.1.1 | 65.00 | NOTE | |||
r-release-windows-x86_64 | 1.1.1 | 63.00 | 155.00 | 218.00 | NOTE | |
r-oldrel-macos-arm64 | 1.1.1 | 60.00 | NOTE | |||
r-oldrel-macos-x86_64 | 1.1.1 | 87.00 | NOTE | |||
r-oldrel-windows-ix86+x86_64 | 1.1.1 | 17.00 | 157.00 | 174.00 | NOTE |
Version: 1.1.1
Check: LazyData
Result: NOTE
'LazyData' is specified without a 'data' directory
Flavors: r-devel-linux-x86_64-debian-clang, r-devel-linux-x86_64-debian-gcc, r-devel-linux-x86_64-fedora-clang, r-devel-linux-x86_64-fedora-gcc, r-devel-windows-x86_64, r-patched-linux-x86_64, r-release-linux-x86_64, r-release-macos-arm64, r-release-macos-x86_64, r-release-windows-x86_64, r-oldrel-macos-arm64, r-oldrel-macos-x86_64, r-oldrel-windows-ix86+x86_64