Last updated on 2022-08-15 08:49:53 CEST.
Flavor | Version | Tinstall | Tcheck | Ttotal | Status | Flags |
---|---|---|---|---|---|---|
r-devel-linux-x86_64-debian-clang | 0.1.4 | 4.06 | 123.21 | 127.27 | OK | |
r-devel-linux-x86_64-debian-gcc | 0.1.4 | 3.17 | 92.04 | 95.21 | OK | |
r-devel-linux-x86_64-fedora-clang | 0.1.4 | 167.41 | OK | |||
r-devel-linux-x86_64-fedora-gcc | 0.1.4 | 163.57 | OK | |||
r-devel-windows-x86_64 | 0.1.4 | 9.00 | 148.00 | 157.00 | OK | |
r-patched-linux-x86_64 | 0.1.4 | 7.70 | 120.94 | 128.64 | OK | |
r-release-linux-x86_64 | 0.1.4 | 3.67 | 119.02 | 122.69 | OK | |
r-release-macos-arm64 | 0.1.4 | 40.00 | OK | |||
r-release-macos-x86_64 | 0.1.4 | 60.00 | NOTE | |||
r-release-windows-x86_64 | 0.1.4 | 12.00 | 148.00 | 160.00 | OK | |
r-oldrel-macos-arm64 | 0.1.4 | 38.00 | OK | |||
r-oldrel-macos-x86_64 | 0.1.4 | 56.00 | OK | |||
r-oldrel-windows-ix86+x86_64 | 0.1.4 | 10.00 | 178.00 | 188.00 | OK |
Version: 0.1.4
Check: package dependencies
Result: NOTE
Package suggested but not available for checking: ‘BEST’
Flavor: r-release-macos-x86_64