Last updated on 2022-08-15 08:49:53 CEST.
Flavor | Version | Tinstall | Tcheck | Ttotal | Status | Flags |
---|---|---|---|---|---|---|
r-devel-linux-x86_64-debian-clang | 2.0 | 258.49 | 36.53 | 295.02 | OK | |
r-devel-linux-x86_64-debian-gcc | 2.0 | 203.31 | 28.38 | 231.69 | OK | |
r-devel-linux-x86_64-fedora-clang | 2.0 | 508.67 | NOTE | |||
r-devel-linux-x86_64-fedora-gcc | 2.0 | 401.50 | NOTE | |||
r-devel-windows-x86_64 | 2.0 | 251.00 | 87.00 | 338.00 | OK | |
r-patched-linux-x86_64 | 2.0 | 212.13 | 34.67 | 246.80 | OK | |
r-release-linux-x86_64 | 2.0 | 219.90 | 35.71 | 255.61 | OK | |
r-release-macos-arm64 | 2.0 | 88.00 | NOTE | |||
r-release-macos-x86_64 | 2.0 | 121.00 | NOTE | |||
r-release-windows-x86_64 | 2.0 | 199.00 | 86.00 | 285.00 | OK | |
r-oldrel-macos-arm64 | 2.0 | 92.00 | NOTE | |||
r-oldrel-macos-x86_64 | 2.0 | 196.00 | NOTE | |||
r-oldrel-windows-ix86+x86_64 | 2.0 | 615.00 | 109.00 | 724.00 | OK |
Version: 2.0
Check: dependencies in R code
Result: NOTE
Namespace in Imports field not imported from: ‘RcppProgress’
All declared Imports should be used.
Flavors: r-devel-linux-x86_64-fedora-clang, r-devel-linux-x86_64-fedora-gcc, r-release-macos-arm64, r-release-macos-x86_64, r-oldrel-macos-arm64, r-oldrel-macos-x86_64
Version: 2.0
Check: installed package size
Result: NOTE
installed size is 7.6Mb
sub-directories of 1Mb or more:
libs 7.4Mb
Flavors: r-release-macos-arm64, r-release-macos-x86_64, r-oldrel-macos-arm64, r-oldrel-macos-x86_64